{"id":1032,"date":"2023-04-08T08:52:59","date_gmt":"2023-04-08T06:52:59","guid":{"rendered":"https:\/\/asko45000.fr\/?page_id=1032"},"modified":"2023-04-08T08:54:55","modified_gmt":"2023-04-08T06:54:55","slug":"open-departemental-et-challenge-berger-kumite-2023","status":"publish","type":"page","link":"https:\/\/asko45000.fr\/index.php\/open-departemental-et-challenge-berger-kumite-2023\/","title":{"rendered":"Open D\u00e9partemental et Challenge Berger Kumit\u00e9 2023"},"content":{"rendered":"<style>.kb-gallery-id-_e5f7e2-c9.kb-gallery-ul.kb-gallery-type-fluidcarousel .kt-blocks-carousel figure .kb-gal-image-radius, .kb-gallery-id-_e5f7e2-c9.kb-gallery-ul.kb-gallery-type-fluidcarousel .kt-blocks-carousel figure .kb-gal-image-radius img{height:300px;}.kb-gallery-id-_e5f7e2-c9 .kadence-blocks-gallery-item .kb-gal-image-radius, .kb-gallery-id-_e5f7e2-c9 .kb-slide-item .kb-gal-image-radius img{border-radius:0px 0px 0px 0px;;}.kb-gallery-wrap-id-_e5f7e2-c9.wp-block-kadence-advancedgallery{overflow:visible;}.kb-gallery-wrap-id-_e5f7e2-c9.wp-block-kadence-advancedgallery .kt-blocks-carousel{overflow:visible;max-width:100%;}<\/style><div class=\"kb-gallery-wrap-id-_e5f7e2-c9 alignnone wp-block-kadence-advancedgallery\"><div class=\"kb-gallery-ul kb-gallery-non-static kb-gallery-type-fluidcarousel kb-gallery-id-_e5f7e2-c9 kb-gallery-caption-style-bottom-hover kb-gallery-filter-none\" data-image-filter=\"none\" data-lightbox-caption=\"true\"><div class=\"kt-blocks-carousel splide kt-carousel-container-dotstyle-dark kt-carousel-arrowstyle-whiteondark kt-carousel-dotstyle-dark kb-slider-group-arrow kb-slider-arrow-position-center\" data-slider-anim-speed=\"400\" data-slider-scroll=\"1\" data-slider-arrows=\"true\" data-slider-dots=\"true\" data-slider-hover-pause=\"false\" data-slider-auto=\"1\" data-slider-speed=\"4060\" data-slider-type=\"fluidcarousel\" data-slider-center-mode=\"true\" data-slider-gap=\"10px\" data-slider-gap-tablet=\"10px\" data-slider-gap-mobile=\"10px\" data-show-pause-button=\"false\"><div class=\"splide__track\"><ul class=\"kt-blocks-carousel-init kb-blocks-fluid-carousel splide__list\"><li class=\"kb-slide-item kb-gallery-carousel-item splide__slide\"><div class=\"kadence-blocks-gallery-item\"><div class=\"kadence-blocks-gallery-item-inner\"><figure class=\"kb-gallery-figure kadence-blocks-gallery-item-hide-caption\"><div class=\"kb-gal-image-radius\"><div class=\"kb-gallery-image-contain\" ><img loading=\"lazy\" decoding=\"async\" src=\"https:\/\/asko45000.fr\/wp-content\/uploads\/2023\/04\/open_challenge_berger_2023_11-1024x768.jpg\" width=\"1024\" height=\"768\" alt=\"\" data-full-image=\"https:\/\/asko45000.fr\/wp-content\/uploads\/2023\/04\/open_challenge_berger_2023_11-scaled.jpg\" data-light-image=\"https:\/\/asko45000.fr\/wp-content\/uploads\/2023\/04\/open_challenge_berger_2023_11-scaled.jpg\" data-id=\"1045\" class=\"wp-image-1045 skip-lazy\" srcset=\"https:\/\/asko45000.fr\/wp-content\/uploads\/2023\/04\/open_challenge_berger_2023_11-1024x768.jpg 1024w, https:\/\/asko45000.fr\/wp-content\/uploads\/2023\/04\/open_challenge_berger_2023_11-300x225.jpg 300w, https:\/\/asko45000.fr\/wp-content\/uploads\/2023\/04\/open_challenge_berger_2023_11-768x576.jpg 768w, https:\/\/asko45000.fr\/wp-content\/uploads\/2023\/04\/open_challenge_berger_2023_11-1536x1152.jpg 1536w, https:\/\/asko45000.fr\/wp-content\/uploads\/2023\/04\/open_challenge_berger_2023_11-2048x1536.jpg 2048w\" sizes=\"auto, (max-width: 1024px) 100vw, 1024px\" \/><\/div><\/div><\/figure><\/div><\/div><\/li><li class=\"kb-slide-item kb-gallery-carousel-item splide__slide\"><div class=\"kadence-blocks-gallery-item\"><div class=\"kadence-blocks-gallery-item-inner\"><figure class=\"kb-gallery-figure kadence-blocks-gallery-item-hide-caption\"><div class=\"kb-gal-image-radius\"><div class=\"kb-gallery-image-contain\" ><img loading=\"lazy\" decoding=\"async\" src=\"https:\/\/asko45000.fr\/wp-content\/uploads\/2023\/04\/open_challenge_berger_2023_10-1024x768.jpg\" width=\"1024\" height=\"768\" alt=\"\" data-full-image=\"https:\/\/asko45000.fr\/wp-content\/uploads\/2023\/04\/open_challenge_berger_2023_10-scaled.jpg\" data-light-image=\"https:\/\/asko45000.fr\/wp-content\/uploads\/2023\/04\/open_challenge_berger_2023_10-scaled.jpg\" data-id=\"1044\" class=\"wp-image-1044 skip-lazy\" srcset=\"https:\/\/asko45000.fr\/wp-content\/uploads\/2023\/04\/open_challenge_berger_2023_10-1024x768.jpg 1024w, https:\/\/asko45000.fr\/wp-content\/uploads\/2023\/04\/open_challenge_berger_2023_10-300x225.jpg 300w, https:\/\/asko45000.fr\/wp-content\/uploads\/2023\/04\/open_challenge_berger_2023_10-768x576.jpg 768w, https:\/\/asko45000.fr\/wp-content\/uploads\/2023\/04\/open_challenge_berger_2023_10-1536x1152.jpg 1536w, https:\/\/asko45000.fr\/wp-content\/uploads\/2023\/04\/open_challenge_berger_2023_10-2048x1536.jpg 2048w\" sizes=\"auto, (max-width: 1024px) 100vw, 1024px\" \/><\/div><\/div><\/figure><\/div><\/div><\/li><li class=\"kb-slide-item kb-gallery-carousel-item splide__slide\"><div class=\"kadence-blocks-gallery-item\"><div class=\"kadence-blocks-gallery-item-inner\"><figure class=\"kb-gallery-figure kadence-blocks-gallery-item-hide-caption\"><div class=\"kb-gal-image-radius\"><div class=\"kb-gallery-image-contain\" ><img loading=\"lazy\" decoding=\"async\" src=\"https:\/\/asko45000.fr\/wp-content\/uploads\/2023\/04\/open_challenge_berger_2023_9-1024x768.jpg\" width=\"1024\" height=\"768\" alt=\"\" data-full-image=\"https:\/\/asko45000.fr\/wp-content\/uploads\/2023\/04\/open_challenge_berger_2023_9-scaled.jpg\" data-light-image=\"https:\/\/asko45000.fr\/wp-content\/uploads\/2023\/04\/open_challenge_berger_2023_9-scaled.jpg\" data-id=\"1043\" class=\"wp-image-1043 skip-lazy\" srcset=\"https:\/\/asko45000.fr\/wp-content\/uploads\/2023\/04\/open_challenge_berger_2023_9-1024x768.jpg 1024w, https:\/\/asko45000.fr\/wp-content\/uploads\/2023\/04\/open_challenge_berger_2023_9-300x225.jpg 300w, https:\/\/asko45000.fr\/wp-content\/uploads\/2023\/04\/open_challenge_berger_2023_9-768x576.jpg 768w, https:\/\/asko45000.fr\/wp-content\/uploads\/2023\/04\/open_challenge_berger_2023_9-1536x1152.jpg 1536w, https:\/\/asko45000.fr\/wp-content\/uploads\/2023\/04\/open_challenge_berger_2023_9-2048x1536.jpg 2048w\" sizes=\"auto, (max-width: 1024px) 100vw, 1024px\" \/><\/div><\/div><\/figure><\/div><\/div><\/li><li class=\"kb-slide-item kb-gallery-carousel-item splide__slide\"><div class=\"kadence-blocks-gallery-item\"><div class=\"kadence-blocks-gallery-item-inner\"><figure class=\"kb-gallery-figure kadence-blocks-gallery-item-hide-caption\"><div class=\"kb-gal-image-radius\"><div class=\"kb-gallery-image-contain\" ><img loading=\"lazy\" decoding=\"async\" src=\"https:\/\/asko45000.fr\/wp-content\/uploads\/2023\/04\/open_challenge_berger_2023_8-1024x768.jpg\" width=\"1024\" height=\"768\" alt=\"\" data-full-image=\"https:\/\/asko45000.fr\/wp-content\/uploads\/2023\/04\/open_challenge_berger_2023_8-scaled.jpg\" data-light-image=\"https:\/\/asko45000.fr\/wp-content\/uploads\/2023\/04\/open_challenge_berger_2023_8-scaled.jpg\" data-id=\"1042\" class=\"wp-image-1042 skip-lazy\" srcset=\"https:\/\/asko45000.fr\/wp-content\/uploads\/2023\/04\/open_challenge_berger_2023_8-1024x768.jpg 1024w, https:\/\/asko45000.fr\/wp-content\/uploads\/2023\/04\/open_challenge_berger_2023_8-300x225.jpg 300w, https:\/\/asko45000.fr\/wp-content\/uploads\/2023\/04\/open_challenge_berger_2023_8-768x576.jpg 768w, https:\/\/asko45000.fr\/wp-content\/uploads\/2023\/04\/open_challenge_berger_2023_8-1536x1152.jpg 1536w, https:\/\/asko45000.fr\/wp-content\/uploads\/2023\/04\/open_challenge_berger_2023_8-2048x1536.jpg 2048w\" sizes=\"auto, (max-width: 1024px) 100vw, 1024px\" \/><\/div><\/div><\/figure><\/div><\/div><\/li><li class=\"kb-slide-item kb-gallery-carousel-item splide__slide\"><div class=\"kadence-blocks-gallery-item\"><div class=\"kadence-blocks-gallery-item-inner\"><figure class=\"kb-gallery-figure kadence-blocks-gallery-item-hide-caption\"><div class=\"kb-gal-image-radius\"><div class=\"kb-gallery-image-contain\" ><img loading=\"lazy\" decoding=\"async\" src=\"https:\/\/asko45000.fr\/wp-content\/uploads\/2023\/04\/open_challenge_berger_2023_7-1024x768.jpg\" width=\"1024\" height=\"768\" alt=\"\" data-full-image=\"https:\/\/asko45000.fr\/wp-content\/uploads\/2023\/04\/open_challenge_berger_2023_7-scaled.jpg\" data-light-image=\"https:\/\/asko45000.fr\/wp-content\/uploads\/2023\/04\/open_challenge_berger_2023_7-scaled.jpg\" data-id=\"1041\" class=\"wp-image-1041 skip-lazy\" srcset=\"https:\/\/asko45000.fr\/wp-content\/uploads\/2023\/04\/open_challenge_berger_2023_7-1024x768.jpg 1024w, https:\/\/asko45000.fr\/wp-content\/uploads\/2023\/04\/open_challenge_berger_2023_7-300x225.jpg 300w, https:\/\/asko45000.fr\/wp-content\/uploads\/2023\/04\/open_challenge_berger_2023_7-768x576.jpg 768w, https:\/\/asko45000.fr\/wp-content\/uploads\/2023\/04\/open_challenge_berger_2023_7-1536x1152.jpg 1536w, https:\/\/asko45000.fr\/wp-content\/uploads\/2023\/04\/open_challenge_berger_2023_7-2048x1536.jpg 2048w\" sizes=\"auto, (max-width: 1024px) 100vw, 1024px\" \/><\/div><\/div><\/figure><\/div><\/div><\/li><li class=\"kb-slide-item kb-gallery-carousel-item splide__slide\"><div class=\"kadence-blocks-gallery-item\"><div class=\"kadence-blocks-gallery-item-inner\"><figure class=\"kb-gallery-figure kadence-blocks-gallery-item-hide-caption\"><div class=\"kb-gal-image-radius\"><div class=\"kb-gallery-image-contain\" ><img loading=\"lazy\" decoding=\"async\" src=\"https:\/\/asko45000.fr\/wp-content\/uploads\/2023\/04\/open_challenge_berger_2023_6-1024x768.jpg\" width=\"1024\" height=\"768\" alt=\"\" data-full-image=\"https:\/\/asko45000.fr\/wp-content\/uploads\/2023\/04\/open_challenge_berger_2023_6-scaled.jpg\" data-light-image=\"https:\/\/asko45000.fr\/wp-content\/uploads\/2023\/04\/open_challenge_berger_2023_6-scaled.jpg\" data-id=\"1040\" class=\"wp-image-1040 skip-lazy\" srcset=\"https:\/\/asko45000.fr\/wp-content\/uploads\/2023\/04\/open_challenge_berger_2023_6-1024x768.jpg 1024w, https:\/\/asko45000.fr\/wp-content\/uploads\/2023\/04\/open_challenge_berger_2023_6-300x225.jpg 300w, https:\/\/asko45000.fr\/wp-content\/uploads\/2023\/04\/open_challenge_berger_2023_6-768x576.jpg 768w, https:\/\/asko45000.fr\/wp-content\/uploads\/2023\/04\/open_challenge_berger_2023_6-1536x1152.jpg 1536w, https:\/\/asko45000.fr\/wp-content\/uploads\/2023\/04\/open_challenge_berger_2023_6-2048x1536.jpg 2048w\" sizes=\"auto, (max-width: 1024px) 100vw, 1024px\" \/><\/div><\/div><\/figure><\/div><\/div><\/li><li class=\"kb-slide-item kb-gallery-carousel-item splide__slide\"><div class=\"kadence-blocks-gallery-item\"><div class=\"kadence-blocks-gallery-item-inner\"><figure class=\"kb-gallery-figure kadence-blocks-gallery-item-hide-caption\"><div class=\"kb-gal-image-radius\"><div class=\"kb-gallery-image-contain\" ><img loading=\"lazy\" decoding=\"async\" src=\"https:\/\/asko45000.fr\/wp-content\/uploads\/2023\/04\/open_challenge_berger_2023_5-1024x768.jpg\" width=\"1024\" height=\"768\" alt=\"\" data-full-image=\"https:\/\/asko45000.fr\/wp-content\/uploads\/2023\/04\/open_challenge_berger_2023_5-scaled.jpg\" data-light-image=\"https:\/\/asko45000.fr\/wp-content\/uploads\/2023\/04\/open_challenge_berger_2023_5-scaled.jpg\" data-id=\"1039\" class=\"wp-image-1039 skip-lazy\" srcset=\"https:\/\/asko45000.fr\/wp-content\/uploads\/2023\/04\/open_challenge_berger_2023_5-1024x768.jpg 1024w, https:\/\/asko45000.fr\/wp-content\/uploads\/2023\/04\/open_challenge_berger_2023_5-300x225.jpg 300w, https:\/\/asko45000.fr\/wp-content\/uploads\/2023\/04\/open_challenge_berger_2023_5-768x576.jpg 768w, https:\/\/asko45000.fr\/wp-content\/uploads\/2023\/04\/open_challenge_berger_2023_5-1536x1152.jpg 1536w, https:\/\/asko45000.fr\/wp-content\/uploads\/2023\/04\/open_challenge_berger_2023_5-2048x1536.jpg 2048w\" sizes=\"auto, (max-width: 1024px) 100vw, 1024px\" \/><\/div><\/div><\/figure><\/div><\/div><\/li><li class=\"kb-slide-item kb-gallery-carousel-item splide__slide\"><div class=\"kadence-blocks-gallery-item\"><div class=\"kadence-blocks-gallery-item-inner\"><figure class=\"kb-gallery-figure kadence-blocks-gallery-item-hide-caption\"><div class=\"kb-gal-image-radius\"><div class=\"kb-gallery-image-contain\" ><img loading=\"lazy\" decoding=\"async\" src=\"https:\/\/asko45000.fr\/wp-content\/uploads\/2023\/04\/open_challenge_berger_2023_4-1024x768.jpg\" width=\"1024\" height=\"768\" alt=\"\" data-full-image=\"https:\/\/asko45000.fr\/wp-content\/uploads\/2023\/04\/open_challenge_berger_2023_4-scaled.jpg\" data-light-image=\"https:\/\/asko45000.fr\/wp-content\/uploads\/2023\/04\/open_challenge_berger_2023_4-scaled.jpg\" data-id=\"1038\" class=\"wp-image-1038 skip-lazy\" srcset=\"https:\/\/asko45000.fr\/wp-content\/uploads\/2023\/04\/open_challenge_berger_2023_4-1024x768.jpg 1024w, https:\/\/asko45000.fr\/wp-content\/uploads\/2023\/04\/open_challenge_berger_2023_4-300x225.jpg 300w, https:\/\/asko45000.fr\/wp-content\/uploads\/2023\/04\/open_challenge_berger_2023_4-768x576.jpg 768w, https:\/\/asko45000.fr\/wp-content\/uploads\/2023\/04\/open_challenge_berger_2023_4-1536x1152.jpg 1536w, https:\/\/asko45000.fr\/wp-content\/uploads\/2023\/04\/open_challenge_berger_2023_4-2048x1536.jpg 2048w\" sizes=\"auto, (max-width: 1024px) 100vw, 1024px\" \/><\/div><\/div><\/figure><\/div><\/div><\/li><li class=\"kb-slide-item kb-gallery-carousel-item splide__slide\"><div class=\"kadence-blocks-gallery-item\"><div class=\"kadence-blocks-gallery-item-inner\"><figure class=\"kb-gallery-figure kadence-blocks-gallery-item-hide-caption\"><div class=\"kb-gal-image-radius\"><div class=\"kb-gallery-image-contain\" ><img loading=\"lazy\" decoding=\"async\" src=\"https:\/\/asko45000.fr\/wp-content\/uploads\/2023\/04\/open_challenge_berger_2023_3-1024x768.jpg\" width=\"1024\" height=\"768\" alt=\"\" data-full-image=\"https:\/\/asko45000.fr\/wp-content\/uploads\/2023\/04\/open_challenge_berger_2023_3-scaled.jpg\" data-light-image=\"https:\/\/asko45000.fr\/wp-content\/uploads\/2023\/04\/open_challenge_berger_2023_3-scaled.jpg\" data-id=\"1037\" class=\"wp-image-1037 skip-lazy\" srcset=\"https:\/\/asko45000.fr\/wp-content\/uploads\/2023\/04\/open_challenge_berger_2023_3-1024x768.jpg 1024w, https:\/\/asko45000.fr\/wp-content\/uploads\/2023\/04\/open_challenge_berger_2023_3-300x225.jpg 300w, https:\/\/asko45000.fr\/wp-content\/uploads\/2023\/04\/open_challenge_berger_2023_3-768x576.jpg 768w, https:\/\/asko45000.fr\/wp-content\/uploads\/2023\/04\/open_challenge_berger_2023_3-1536x1152.jpg 1536w, https:\/\/asko45000.fr\/wp-content\/uploads\/2023\/04\/open_challenge_berger_2023_3-2048x1536.jpg 2048w\" sizes=\"auto, (max-width: 1024px) 100vw, 1024px\" \/><\/div><\/div><\/figure><\/div><\/div><\/li><li class=\"kb-slide-item kb-gallery-carousel-item splide__slide\"><div class=\"kadence-blocks-gallery-item\"><div class=\"kadence-blocks-gallery-item-inner\"><figure class=\"kb-gallery-figure kadence-blocks-gallery-item-hide-caption\"><div class=\"kb-gal-image-radius\"><div class=\"kb-gallery-image-contain\" ><img loading=\"lazy\" decoding=\"async\" src=\"https:\/\/asko45000.fr\/wp-content\/uploads\/2023\/04\/open_challenge_berger_2023_2-1024x768.jpg\" width=\"1024\" height=\"768\" alt=\"\" data-full-image=\"https:\/\/asko45000.fr\/wp-content\/uploads\/2023\/04\/open_challenge_berger_2023_2-scaled.jpg\" data-light-image=\"https:\/\/asko45000.fr\/wp-content\/uploads\/2023\/04\/open_challenge_berger_2023_2-scaled.jpg\" data-id=\"1036\" class=\"wp-image-1036 skip-lazy\" srcset=\"https:\/\/asko45000.fr\/wp-content\/uploads\/2023\/04\/open_challenge_berger_2023_2-1024x768.jpg 1024w, https:\/\/asko45000.fr\/wp-content\/uploads\/2023\/04\/open_challenge_berger_2023_2-300x225.jpg 300w, https:\/\/asko45000.fr\/wp-content\/uploads\/2023\/04\/open_challenge_berger_2023_2-768x576.jpg 768w, https:\/\/asko45000.fr\/wp-content\/uploads\/2023\/04\/open_challenge_berger_2023_2-1536x1152.jpg 1536w, https:\/\/asko45000.fr\/wp-content\/uploads\/2023\/04\/open_challenge_berger_2023_2-2048x1536.jpg 2048w\" sizes=\"auto, (max-width: 1024px) 100vw, 1024px\" \/><\/div><\/div><\/figure><\/div><\/div><\/li><li class=\"kb-slide-item kb-gallery-carousel-item splide__slide\"><div class=\"kadence-blocks-gallery-item\"><div class=\"kadence-blocks-gallery-item-inner\"><figure class=\"kb-gallery-figure kadence-blocks-gallery-item-hide-caption\"><div class=\"kb-gal-image-radius\"><div class=\"kb-gallery-image-contain\" ><img loading=\"lazy\" decoding=\"async\" src=\"https:\/\/asko45000.fr\/wp-content\/uploads\/2023\/04\/open_challenge_berger_2023_1-1024x768.jpg\" width=\"1024\" height=\"768\" alt=\"\" data-full-image=\"https:\/\/asko45000.fr\/wp-content\/uploads\/2023\/04\/open_challenge_berger_2023_1-scaled.jpg\" data-light-image=\"https:\/\/asko45000.fr\/wp-content\/uploads\/2023\/04\/open_challenge_berger_2023_1-scaled.jpg\" data-id=\"1035\" class=\"wp-image-1035 skip-lazy\" srcset=\"https:\/\/asko45000.fr\/wp-content\/uploads\/2023\/04\/open_challenge_berger_2023_1-1024x768.jpg 1024w, https:\/\/asko45000.fr\/wp-content\/uploads\/2023\/04\/open_challenge_berger_2023_1-300x225.jpg 300w, https:\/\/asko45000.fr\/wp-content\/uploads\/2023\/04\/open_challenge_berger_2023_1-768x576.jpg 768w, https:\/\/asko45000.fr\/wp-content\/uploads\/2023\/04\/open_challenge_berger_2023_1-1536x1152.jpg 1536w, https:\/\/asko45000.fr\/wp-content\/uploads\/2023\/04\/open_challenge_berger_2023_1-2048x1536.jpg 2048w\" sizes=\"auto, (max-width: 1024px) 100vw, 1024px\" \/><\/div><\/div><\/figure><\/div><\/div><\/li><\/ul><\/div><\/div><\/div><\/div>\n\n\n<p class=\"has-text-align-center\"><strong>Open D\u00e9partemental et Challenge Berger Kumit\u00e9 2023<\/strong><\/p>\n\n\n\n<p>Les comp\u00e9titions de Kumit\u00e9, Open D\u00e9partemental et Challenge Berger se sont d\u00e9roul\u00e9es le Dimanche 2 Avril 2023 au dojo de Saint Jean Le Blanc.<\/p>\n\n\n\n<p>Plus d&rsquo;une dizaine de clubs du Loiret y ont particip\u00e9 et le plublic \u00e9tait venu nombreux.<\/p>\n\n\n\n<p>Les combattants de l&rsquo;ASKO sont tous mont\u00e9s sur le podium !!<\/p>\n\n\n\n<p><strong>M\u00e9dailles d&rsquo;Or :<\/strong><\/p>\n\n\n\n<ul class=\"wp-block-list\">\n<li>Eric<\/li>\n\n\n\n<li>Mariette<\/li>\n\n\n\n<li>Mohamed El M<\/li>\n\n\n\n<li>Mouhamadou<\/li>\n\n\n\n<li>Nelia<\/li>\n\n\n\n<li>Rapha\u00ebl<\/li>\n\n\n\n<li>Tim\u00e9o<\/li>\n<\/ul>\n\n\n\n<p><strong>M\u00e9dailles d&rsquo;Argent :<\/strong><\/p>\n\n\n\n<ul class=\"wp-block-list\">\n<li>Aylan<\/li>\n\n\n\n<li>Karlina<\/li>\n\n\n\n<li>Mohamed B<\/li>\n<\/ul>\n\n\n\n<p><strong>M\u00e9dailles de Bronze :<\/strong><\/p>\n\n\n\n<ul class=\"wp-block-list\">\n<li>Eden<\/li>\n\n\n\n<li>Lenny<\/li>\n\n\n\n<li>Soumaya<\/li>\n\n\n\n<li>Th\u00e9o<\/li>\n<\/ul>\n\n\n\n<p>Ces r\u00e9sultats illustrent tout le dynamisme de l&rsquo;ASKO.<\/p>\n","protected":false},"excerpt":{"rendered":"<p>Open D\u00e9partemental et Challenge Berger Kumit\u00e9 2023 Les comp\u00e9titions de Kumit\u00e9, Open D\u00e9partemental et Challenge Berger se sont d\u00e9roul\u00e9es le Dimanche 2 Avril 2023 au dojo de Saint Jean Le Blanc. Plus d&rsquo;une dizaine de clubs du Loiret y ont particip\u00e9 et le plublic \u00e9tait venu nombreux. Les combattants de l&rsquo;ASKO sont tous mont\u00e9s sur&#8230;<\/p>\n","protected":false},"author":1,"featured_media":0,"parent":0,"menu_order":0,"comment_status":"closed","ping_status":"closed","template":"","meta":{"_kad_post_transparent":"","_kad_post_title":"","_kad_post_layout":"","_kad_post_sidebar_id":"","_kad_post_content_style":"","_kad_post_vertical_padding":"","_kad_post_feature":"","_kad_post_feature_position":"","_kad_post_header":false,"_kad_post_footer":false,"footnotes":""},"class_list":["post-1032","page","type-page","status-publish","hentry"],"_links":{"self":[{"href":"https:\/\/asko45000.fr\/index.php\/wp-json\/wp\/v2\/pages\/1032","targetHints":{"allow":["GET"]}}],"collection":[{"href":"https:\/\/asko45000.fr\/index.php\/wp-json\/wp\/v2\/pages"}],"about":[{"href":"https:\/\/asko45000.fr\/index.php\/wp-json\/wp\/v2\/types\/page"}],"author":[{"embeddable":true,"href":"https:\/\/asko45000.fr\/index.php\/wp-json\/wp\/v2\/users\/1"}],"replies":[{"embeddable":true,"href":"https:\/\/asko45000.fr\/index.php\/wp-json\/wp\/v2\/comments?post=1032"}],"version-history":[{"count":5,"href":"https:\/\/asko45000.fr\/index.php\/wp-json\/wp\/v2\/pages\/1032\/revisions"}],"predecessor-version":[{"id":1048,"href":"https:\/\/asko45000.fr\/index.php\/wp-json\/wp\/v2\/pages\/1032\/revisions\/1048"}],"wp:attachment":[{"href":"https:\/\/asko45000.fr\/index.php\/wp-json\/wp\/v2\/media?parent=1032"}],"curies":[{"name":"wp","href":"https:\/\/api.w.org\/{rel}","templated":true}]}}