{"id":3519,"date":"2025-12-03T10:05:57","date_gmt":"2025-12-03T09:05:57","guid":{"rendered":"https:\/\/asko45000.fr\/?page_id=3519"},"modified":"2025-12-03T12:49:20","modified_gmt":"2025-12-03T11:49:20","slug":"coupe-departementale-30-novembre-2025","status":"publish","type":"page","link":"https:\/\/asko45000.fr\/index.php\/coupe-departementale-30-novembre-2025\/","title":{"rendered":"Coupe D\u00e9partementale 30 novembre 2025"},"content":{"rendered":"<style>.kb-gallery-id-3519_93ce03-d2 .kadence-blocks-gallery-item .kb-gal-image-radius, .kb-gallery-id-3519_93ce03-d2 .kb-slide-item .kb-gal-image-radius img{border-radius:0px 0px 0px 0px;;}.kb-gallery-wrap-id-3519_93ce03-d2.wp-block-kadence-advancedgallery{overflow:visible;}.kb-gallery-wrap-id-3519_93ce03-d2.wp-block-kadence-advancedgallery .kt-blocks-carousel{overflow:visible;}<\/style><div class=\"kb-gallery-wrap-id-3519_93ce03-d2 alignnone wp-block-kadence-advancedgallery\"><div class=\"kb-gallery-ul kb-gallery-non-static kb-gallery-type-slider kb-gallery-id-3519_93ce03-d2 kb-gallery-caption-style-bottom-hover kb-gallery-filter-none\" data-image-filter=\"none\" data-lightbox-caption=\"true\"><div class=\"kt-blocks-carousel splide kt-carousel-container-dotstyle-dark kt-carousel-arrowstyle-whiteondark kt-carousel-dotstyle-dark kb-slider-group-arrow kb-slider-arrow-position-center\" data-slider-anim-speed=\"400\" data-slider-scroll=\"1\" data-slider-arrows=\"true\" data-slider-fade=\"true\" data-slider-dots=\"true\" data-slider-type=\"slider\" data-slider-hover-pause=\"false\" data-slider-auto=\"1\" data-slider-speed=\"5040\" data-show-pause-button=\"false\"><div class=\"splide__track\"><ul class=\"kt-blocks-carousel-init kb-blocks-slider splide__list\"><li class=\"kb-slide-item kb-gallery-slide-item splide__slide\"><div class=\"kadence-blocks-gallery-item\"><div class=\"kadence-blocks-gallery-item-inner\"><figure class=\"kb-gallery-figure kadence-blocks-gallery-item-hide-caption\"><div class=\"kb-gal-image-radius\"><div class=\"kb-gallery-image-contain kadence-blocks-gallery-intrinsic kb-gallery-image-ratio-land169 kb-has-image-ratio-land169\" ><img loading=\"lazy\" decoding=\"async\" src=\"https:\/\/asko45000.fr\/wp-content\/uploads\/2025\/12\/1_photos_coupe_departementale_30_11_25_266_ok-1024x608.jpg\" width=\"1024\" height=\"608\" alt=\"\" data-full-image=\"https:\/\/asko45000.fr\/wp-content\/uploads\/2025\/12\/1_photos_coupe_departementale_30_11_25_266_ok-scaled.jpg\" data-light-image=\"https:\/\/asko45000.fr\/wp-content\/uploads\/2025\/12\/1_photos_coupe_departementale_30_11_25_266_ok-scaled.jpg\" data-id=\"3526\" class=\"wp-image-3526 skip-lazy\" srcset=\"https:\/\/asko45000.fr\/wp-content\/uploads\/2025\/12\/1_photos_coupe_departementale_30_11_25_266_ok-1024x608.jpg 1024w, https:\/\/asko45000.fr\/wp-content\/uploads\/2025\/12\/1_photos_coupe_departementale_30_11_25_266_ok-300x178.jpg 300w, https:\/\/asko45000.fr\/wp-content\/uploads\/2025\/12\/1_photos_coupe_departementale_30_11_25_266_ok-768x456.jpg 768w, https:\/\/asko45000.fr\/wp-content\/uploads\/2025\/12\/1_photos_coupe_departementale_30_11_25_266_ok-1536x912.jpg 1536w, https:\/\/asko45000.fr\/wp-content\/uploads\/2025\/12\/1_photos_coupe_departementale_30_11_25_266_ok-2048x1216.jpg 2048w\" sizes=\"auto, (max-width: 1024px) 100vw, 1024px\" \/><\/div><\/div><\/figure><\/div><\/div><\/li><li class=\"kb-slide-item kb-gallery-slide-item splide__slide\"><div class=\"kadence-blocks-gallery-item\"><div class=\"kadence-blocks-gallery-item-inner\"><figure class=\"kb-gallery-figure kadence-blocks-gallery-item-hide-caption\"><div class=\"kb-gal-image-radius\"><div class=\"kb-gallery-image-contain kadence-blocks-gallery-intrinsic kb-gallery-image-ratio-land169 kb-has-image-ratio-land169\" ><img loading=\"lazy\" decoding=\"async\" src=\"https:\/\/asko45000.fr\/wp-content\/uploads\/2025\/12\/2_photos_coupe_departementale_30_11_25_217_ok-1024x576.jpg\" width=\"1024\" height=\"576\" alt=\"\" data-full-image=\"https:\/\/asko45000.fr\/wp-content\/uploads\/2025\/12\/2_photos_coupe_departementale_30_11_25_217_ok.jpg\" data-light-image=\"https:\/\/asko45000.fr\/wp-content\/uploads\/2025\/12\/2_photos_coupe_departementale_30_11_25_217_ok.jpg\" data-id=\"3527\" class=\"wp-image-3527 skip-lazy\" srcset=\"https:\/\/asko45000.fr\/wp-content\/uploads\/2025\/12\/2_photos_coupe_departementale_30_11_25_217_ok-1024x576.jpg 1024w, https:\/\/asko45000.fr\/wp-content\/uploads\/2025\/12\/2_photos_coupe_departementale_30_11_25_217_ok-300x169.jpg 300w, https:\/\/asko45000.fr\/wp-content\/uploads\/2025\/12\/2_photos_coupe_departementale_30_11_25_217_ok-768x432.jpg 768w, https:\/\/asko45000.fr\/wp-content\/uploads\/2025\/12\/2_photos_coupe_departementale_30_11_25_217_ok-1536x864.jpg 1536w, https:\/\/asko45000.fr\/wp-content\/uploads\/2025\/12\/2_photos_coupe_departementale_30_11_25_217_ok.jpg 1657w\" sizes=\"auto, (max-width: 1024px) 100vw, 1024px\" \/><\/div><\/div><\/figure><\/div><\/div><\/li><li class=\"kb-slide-item kb-gallery-slide-item splide__slide\"><div class=\"kadence-blocks-gallery-item\"><div class=\"kadence-blocks-gallery-item-inner\"><figure class=\"kb-gallery-figure kadence-blocks-gallery-item-hide-caption\"><div class=\"kb-gal-image-radius\"><div class=\"kb-gallery-image-contain kadence-blocks-gallery-intrinsic kb-gallery-image-ratio-land169 kb-has-image-ratio-land169\" ><img loading=\"lazy\" decoding=\"async\" src=\"https:\/\/asko45000.fr\/wp-content\/uploads\/2025\/12\/3_photos_coupe_departementale_30_11_25_190_ok-1024x576.jpg\" width=\"1024\" height=\"576\" alt=\"\" data-full-image=\"https:\/\/asko45000.fr\/wp-content\/uploads\/2025\/12\/3_photos_coupe_departementale_30_11_25_190_ok-scaled.jpg\" data-light-image=\"https:\/\/asko45000.fr\/wp-content\/uploads\/2025\/12\/3_photos_coupe_departementale_30_11_25_190_ok-scaled.jpg\" data-id=\"3528\" class=\"wp-image-3528 skip-lazy\" srcset=\"https:\/\/asko45000.fr\/wp-content\/uploads\/2025\/12\/3_photos_coupe_departementale_30_11_25_190_ok-1024x576.jpg 1024w, https:\/\/asko45000.fr\/wp-content\/uploads\/2025\/12\/3_photos_coupe_departementale_30_11_25_190_ok-300x169.jpg 300w, https:\/\/asko45000.fr\/wp-content\/uploads\/2025\/12\/3_photos_coupe_departementale_30_11_25_190_ok-768x432.jpg 768w, https:\/\/asko45000.fr\/wp-content\/uploads\/2025\/12\/3_photos_coupe_departementale_30_11_25_190_ok-1536x864.jpg 1536w, https:\/\/asko45000.fr\/wp-content\/uploads\/2025\/12\/3_photos_coupe_departementale_30_11_25_190_ok-2048x1152.jpg 2048w\" sizes=\"auto, (max-width: 1024px) 100vw, 1024px\" \/><\/div><\/div><\/figure><\/div><\/div><\/li><li class=\"kb-slide-item kb-gallery-slide-item splide__slide\"><div class=\"kadence-blocks-gallery-item\"><div class=\"kadence-blocks-gallery-item-inner\"><figure class=\"kb-gallery-figure kadence-blocks-gallery-item-hide-caption\"><div class=\"kb-gal-image-radius\"><div class=\"kb-gallery-image-contain kadence-blocks-gallery-intrinsic kb-gallery-image-ratio-land169 kb-has-image-ratio-land169\" ><img loading=\"lazy\" decoding=\"async\" src=\"https:\/\/asko45000.fr\/wp-content\/uploads\/2025\/12\/4_photos_coupe_departementale_30_11_25_158_ok-1024x576.jpg\" width=\"1024\" height=\"576\" alt=\"\" data-full-image=\"https:\/\/asko45000.fr\/wp-content\/uploads\/2025\/12\/4_photos_coupe_departementale_30_11_25_158_ok.jpg\" data-light-image=\"https:\/\/asko45000.fr\/wp-content\/uploads\/2025\/12\/4_photos_coupe_departementale_30_11_25_158_ok.jpg\" data-id=\"3529\" class=\"wp-image-3529 skip-lazy\" srcset=\"https:\/\/asko45000.fr\/wp-content\/uploads\/2025\/12\/4_photos_coupe_departementale_30_11_25_158_ok-1024x576.jpg 1024w, https:\/\/asko45000.fr\/wp-content\/uploads\/2025\/12\/4_photos_coupe_departementale_30_11_25_158_ok-300x169.jpg 300w, https:\/\/asko45000.fr\/wp-content\/uploads\/2025\/12\/4_photos_coupe_departementale_30_11_25_158_ok-768x432.jpg 768w, https:\/\/asko45000.fr\/wp-content\/uploads\/2025\/12\/4_photos_coupe_departementale_30_11_25_158_ok.jpg 1501w\" sizes=\"auto, (max-width: 1024px) 100vw, 1024px\" \/><\/div><\/div><\/figure><\/div><\/div><\/li><li class=\"kb-slide-item kb-gallery-slide-item splide__slide\"><div class=\"kadence-blocks-gallery-item\"><div class=\"kadence-blocks-gallery-item-inner\"><figure class=\"kb-gallery-figure kadence-blocks-gallery-item-hide-caption\"><div class=\"kb-gal-image-radius\"><div class=\"kb-gallery-image-contain kadence-blocks-gallery-intrinsic kb-gallery-image-ratio-land169 kb-has-image-ratio-land169\" ><img loading=\"lazy\" decoding=\"async\" src=\"https:\/\/asko45000.fr\/wp-content\/uploads\/2025\/12\/5_photos_coupe_departementale_30_11_25_126_ok-1024x576.jpg\" width=\"1024\" height=\"576\" alt=\"\" data-full-image=\"https:\/\/asko45000.fr\/wp-content\/uploads\/2025\/12\/5_photos_coupe_departementale_30_11_25_126_ok-scaled.jpg\" data-light-image=\"https:\/\/asko45000.fr\/wp-content\/uploads\/2025\/12\/5_photos_coupe_departementale_30_11_25_126_ok-scaled.jpg\" data-id=\"3530\" class=\"wp-image-3530 skip-lazy\" srcset=\"https:\/\/asko45000.fr\/wp-content\/uploads\/2025\/12\/5_photos_coupe_departementale_30_11_25_126_ok-1024x576.jpg 1024w, https:\/\/asko45000.fr\/wp-content\/uploads\/2025\/12\/5_photos_coupe_departementale_30_11_25_126_ok-300x169.jpg 300w, https:\/\/asko45000.fr\/wp-content\/uploads\/2025\/12\/5_photos_coupe_departementale_30_11_25_126_ok-768x432.jpg 768w, https:\/\/asko45000.fr\/wp-content\/uploads\/2025\/12\/5_photos_coupe_departementale_30_11_25_126_ok-1536x864.jpg 1536w, https:\/\/asko45000.fr\/wp-content\/uploads\/2025\/12\/5_photos_coupe_departementale_30_11_25_126_ok-2048x1152.jpg 2048w\" sizes=\"auto, (max-width: 1024px) 100vw, 1024px\" \/><\/div><\/div><\/figure><\/div><\/div><\/li><li class=\"kb-slide-item kb-gallery-slide-item splide__slide\"><div class=\"kadence-blocks-gallery-item\"><div class=\"kadence-blocks-gallery-item-inner\"><figure class=\"kb-gallery-figure kadence-blocks-gallery-item-hide-caption\"><div class=\"kb-gal-image-radius\"><div class=\"kb-gallery-image-contain kadence-blocks-gallery-intrinsic kb-gallery-image-ratio-land169 kb-has-image-ratio-land169\" ><img loading=\"lazy\" decoding=\"async\" src=\"https:\/\/asko45000.fr\/wp-content\/uploads\/2025\/12\/6_photos_coupe_departementale_30_11_25_94_ok.jpg\" width=\"906\" height=\"510\" alt=\"\" data-full-image=\"https:\/\/asko45000.fr\/wp-content\/uploads\/2025\/12\/6_photos_coupe_departementale_30_11_25_94_ok.jpg\" data-light-image=\"https:\/\/asko45000.fr\/wp-content\/uploads\/2025\/12\/6_photos_coupe_departementale_30_11_25_94_ok.jpg\" data-id=\"3531\" class=\"wp-image-3531 skip-lazy\" srcset=\"https:\/\/asko45000.fr\/wp-content\/uploads\/2025\/12\/6_photos_coupe_departementale_30_11_25_94_ok.jpg 906w, https:\/\/asko45000.fr\/wp-content\/uploads\/2025\/12\/6_photos_coupe_departementale_30_11_25_94_ok-300x169.jpg 300w, https:\/\/asko45000.fr\/wp-content\/uploads\/2025\/12\/6_photos_coupe_departementale_30_11_25_94_ok-768x432.jpg 768w\" sizes=\"auto, (max-width: 906px) 100vw, 906px\" \/><\/div><\/div><\/figure><\/div><\/div><\/li><li class=\"kb-slide-item kb-gallery-slide-item splide__slide\"><div class=\"kadence-blocks-gallery-item\"><div class=\"kadence-blocks-gallery-item-inner\"><figure class=\"kb-gallery-figure kadence-blocks-gallery-item-hide-caption\"><div class=\"kb-gal-image-radius\"><div class=\"kb-gallery-image-contain kadence-blocks-gallery-intrinsic kb-gallery-image-ratio-land169 kb-has-image-ratio-land169\" ><img loading=\"lazy\" decoding=\"async\" src=\"https:\/\/asko45000.fr\/wp-content\/uploads\/2025\/12\/7_photos_coupe_departementale_30_11_25_249_ok-1024x576.jpg\" width=\"1024\" height=\"576\" alt=\"\" data-full-image=\"https:\/\/asko45000.fr\/wp-content\/uploads\/2025\/12\/7_photos_coupe_departementale_30_11_25_249_ok-scaled.jpg\" data-light-image=\"https:\/\/asko45000.fr\/wp-content\/uploads\/2025\/12\/7_photos_coupe_departementale_30_11_25_249_ok-scaled.jpg\" data-id=\"3532\" class=\"wp-image-3532 skip-lazy\" srcset=\"https:\/\/asko45000.fr\/wp-content\/uploads\/2025\/12\/7_photos_coupe_departementale_30_11_25_249_ok-1024x576.jpg 1024w, https:\/\/asko45000.fr\/wp-content\/uploads\/2025\/12\/7_photos_coupe_departementale_30_11_25_249_ok-300x169.jpg 300w, https:\/\/asko45000.fr\/wp-content\/uploads\/2025\/12\/7_photos_coupe_departementale_30_11_25_249_ok-768x432.jpg 768w, https:\/\/asko45000.fr\/wp-content\/uploads\/2025\/12\/7_photos_coupe_departementale_30_11_25_249_ok-1536x864.jpg 1536w, https:\/\/asko45000.fr\/wp-content\/uploads\/2025\/12\/7_photos_coupe_departementale_30_11_25_249_ok-2048x1152.jpg 2048w\" sizes=\"auto, (max-width: 1024px) 100vw, 1024px\" \/><\/div><\/div><\/figure><\/div><\/div><\/li><li class=\"kb-slide-item kb-gallery-slide-item splide__slide\"><div class=\"kadence-blocks-gallery-item\"><div class=\"kadence-blocks-gallery-item-inner\"><figure class=\"kb-gallery-figure kadence-blocks-gallery-item-hide-caption\"><div class=\"kb-gal-image-radius\"><div class=\"kb-gallery-image-contain kadence-blocks-gallery-intrinsic kb-gallery-image-ratio-land169 kb-has-image-ratio-land169\" ><img loading=\"lazy\" decoding=\"async\" src=\"https:\/\/asko45000.fr\/wp-content\/uploads\/2025\/12\/8_photos_coupe_departementale_30_11_25_211_ok-1024x576.jpg\" width=\"1024\" height=\"576\" alt=\"\" data-full-image=\"https:\/\/asko45000.fr\/wp-content\/uploads\/2025\/12\/8_photos_coupe_departementale_30_11_25_211_ok.jpg\" data-light-image=\"https:\/\/asko45000.fr\/wp-content\/uploads\/2025\/12\/8_photos_coupe_departementale_30_11_25_211_ok.jpg\" data-id=\"3533\" class=\"wp-image-3533 skip-lazy\" srcset=\"https:\/\/asko45000.fr\/wp-content\/uploads\/2025\/12\/8_photos_coupe_departementale_30_11_25_211_ok-1024x576.jpg 1024w, https:\/\/asko45000.fr\/wp-content\/uploads\/2025\/12\/8_photos_coupe_departementale_30_11_25_211_ok-300x169.jpg 300w, https:\/\/asko45000.fr\/wp-content\/uploads\/2025\/12\/8_photos_coupe_departementale_30_11_25_211_ok-768x432.jpg 768w, https:\/\/asko45000.fr\/wp-content\/uploads\/2025\/12\/8_photos_coupe_departementale_30_11_25_211_ok-1536x864.jpg 1536w, https:\/\/asko45000.fr\/wp-content\/uploads\/2025\/12\/8_photos_coupe_departementale_30_11_25_211_ok-2048x1152.jpg 2048w\" sizes=\"auto, (max-width: 1024px) 100vw, 1024px\" \/><\/div><\/div><\/figure><\/div><\/div><\/li><li class=\"kb-slide-item kb-gallery-slide-item splide__slide\"><div class=\"kadence-blocks-gallery-item\"><div class=\"kadence-blocks-gallery-item-inner\"><figure class=\"kb-gallery-figure kadence-blocks-gallery-item-hide-caption\"><div class=\"kb-gal-image-radius\"><div class=\"kb-gallery-image-contain kadence-blocks-gallery-intrinsic kb-gallery-image-ratio-land169 kb-has-image-ratio-land169\" ><img loading=\"lazy\" decoding=\"async\" src=\"https:\/\/asko45000.fr\/wp-content\/uploads\/2025\/12\/9_photos_coupe_departementale_30_11_25_388_ok-1024x576.jpg\" width=\"1024\" height=\"576\" alt=\"\" data-full-image=\"https:\/\/asko45000.fr\/wp-content\/uploads\/2025\/12\/9_photos_coupe_departementale_30_11_25_388_ok-scaled.jpg\" data-light-image=\"https:\/\/asko45000.fr\/wp-content\/uploads\/2025\/12\/9_photos_coupe_departementale_30_11_25_388_ok-scaled.jpg\" data-id=\"3534\" class=\"wp-image-3534 skip-lazy\" srcset=\"https:\/\/asko45000.fr\/wp-content\/uploads\/2025\/12\/9_photos_coupe_departementale_30_11_25_388_ok-1024x576.jpg 1024w, https:\/\/asko45000.fr\/wp-content\/uploads\/2025\/12\/9_photos_coupe_departementale_30_11_25_388_ok-300x169.jpg 300w, https:\/\/asko45000.fr\/wp-content\/uploads\/2025\/12\/9_photos_coupe_departementale_30_11_25_388_ok-768x432.jpg 768w, https:\/\/asko45000.fr\/wp-content\/uploads\/2025\/12\/9_photos_coupe_departementale_30_11_25_388_ok-1536x864.jpg 1536w, https:\/\/asko45000.fr\/wp-content\/uploads\/2025\/12\/9_photos_coupe_departementale_30_11_25_388_ok-2048x1152.jpg 2048w\" sizes=\"auto, (max-width: 1024px) 100vw, 1024px\" \/><\/div><\/div><\/figure><\/div><\/div><\/li><li class=\"kb-slide-item kb-gallery-slide-item splide__slide\"><div class=\"kadence-blocks-gallery-item\"><div class=\"kadence-blocks-gallery-item-inner\"><figure class=\"kb-gallery-figure kadence-blocks-gallery-item-hide-caption\"><div class=\"kb-gal-image-radius\"><div class=\"kb-gallery-image-contain kadence-blocks-gallery-intrinsic kb-gallery-image-ratio-land169 kb-has-image-ratio-land169\" ><img loading=\"lazy\" decoding=\"async\" src=\"https:\/\/asko45000.fr\/wp-content\/uploads\/2025\/12\/10_photos_coupe_departementale_30_11_25_362_ok-1024x576.jpg\" width=\"1024\" height=\"576\" alt=\"\" data-full-image=\"https:\/\/asko45000.fr\/wp-content\/uploads\/2025\/12\/10_photos_coupe_departementale_30_11_25_362_ok.jpg\" data-light-image=\"https:\/\/asko45000.fr\/wp-content\/uploads\/2025\/12\/10_photos_coupe_departementale_30_11_25_362_ok.jpg\" data-id=\"3535\" class=\"wp-image-3535 skip-lazy\" srcset=\"https:\/\/asko45000.fr\/wp-content\/uploads\/2025\/12\/10_photos_coupe_departementale_30_11_25_362_ok-1024x576.jpg 1024w, https:\/\/asko45000.fr\/wp-content\/uploads\/2025\/12\/10_photos_coupe_departementale_30_11_25_362_ok-300x169.jpg 300w, https:\/\/asko45000.fr\/wp-content\/uploads\/2025\/12\/10_photos_coupe_departementale_30_11_25_362_ok-768x432.jpg 768w, https:\/\/asko45000.fr\/wp-content\/uploads\/2025\/12\/10_photos_coupe_departementale_30_11_25_362_ok-1536x864.jpg 1536w, https:\/\/asko45000.fr\/wp-content\/uploads\/2025\/12\/10_photos_coupe_departementale_30_11_25_362_ok-2048x1152.jpg 2048w\" sizes=\"auto, (max-width: 1024px) 100vw, 1024px\" \/><\/div><\/div><\/figure><\/div><\/div><\/li><li class=\"kb-slide-item kb-gallery-slide-item splide__slide\"><div class=\"kadence-blocks-gallery-item\"><div class=\"kadence-blocks-gallery-item-inner\"><figure class=\"kb-gallery-figure kadence-blocks-gallery-item-hide-caption\"><div class=\"kb-gal-image-radius\"><div class=\"kb-gallery-image-contain kadence-blocks-gallery-intrinsic kb-gallery-image-ratio-land169 kb-has-image-ratio-land169\" ><img loading=\"lazy\" decoding=\"async\" src=\"https:\/\/asko45000.fr\/wp-content\/uploads\/2025\/12\/11_photos_coupe_departementale_30_11_25_41_ok_2-1024x579.jpg\" width=\"1024\" height=\"579\" alt=\"\" data-full-image=\"https:\/\/asko45000.fr\/wp-content\/uploads\/2025\/12\/11_photos_coupe_departementale_30_11_25_41_ok_2-scaled.jpg\" data-light-image=\"https:\/\/asko45000.fr\/wp-content\/uploads\/2025\/12\/11_photos_coupe_departementale_30_11_25_41_ok_2-scaled.jpg\" data-id=\"3536\" class=\"wp-image-3536 skip-lazy\" srcset=\"https:\/\/asko45000.fr\/wp-content\/uploads\/2025\/12\/11_photos_coupe_departementale_30_11_25_41_ok_2-1024x579.jpg 1024w, https:\/\/asko45000.fr\/wp-content\/uploads\/2025\/12\/11_photos_coupe_departementale_30_11_25_41_ok_2-300x170.jpg 300w, https:\/\/asko45000.fr\/wp-content\/uploads\/2025\/12\/11_photos_coupe_departementale_30_11_25_41_ok_2-768x434.jpg 768w, https:\/\/asko45000.fr\/wp-content\/uploads\/2025\/12\/11_photos_coupe_departementale_30_11_25_41_ok_2-1536x868.jpg 1536w, https:\/\/asko45000.fr\/wp-content\/uploads\/2025\/12\/11_photos_coupe_departementale_30_11_25_41_ok_2-2048x1158.jpg 2048w\" sizes=\"auto, (max-width: 1024px) 100vw, 1024px\" \/><\/div><\/div><\/figure><\/div><\/div><\/li><li class=\"kb-slide-item kb-gallery-slide-item splide__slide\"><div class=\"kadence-blocks-gallery-item\"><div class=\"kadence-blocks-gallery-item-inner\"><figure class=\"kb-gallery-figure kadence-blocks-gallery-item-hide-caption\"><div class=\"kb-gal-image-radius\"><div class=\"kb-gallery-image-contain kadence-blocks-gallery-intrinsic kb-gallery-image-ratio-land169 kb-has-image-ratio-land169\" ><img loading=\"lazy\" decoding=\"async\" src=\"https:\/\/asko45000.fr\/wp-content\/uploads\/2025\/12\/12_photos_coupe_departementale_30_11_25_18_ok-1024x576.jpg\" width=\"1024\" height=\"576\" alt=\"\" data-full-image=\"https:\/\/asko45000.fr\/wp-content\/uploads\/2025\/12\/12_photos_coupe_departementale_30_11_25_18_ok-scaled.jpg\" data-light-image=\"https:\/\/asko45000.fr\/wp-content\/uploads\/2025\/12\/12_photos_coupe_departementale_30_11_25_18_ok-scaled.jpg\" data-id=\"3537\" class=\"wp-image-3537 skip-lazy\" srcset=\"https:\/\/asko45000.fr\/wp-content\/uploads\/2025\/12\/12_photos_coupe_departementale_30_11_25_18_ok-1024x576.jpg 1024w, https:\/\/asko45000.fr\/wp-content\/uploads\/2025\/12\/12_photos_coupe_departementale_30_11_25_18_ok-300x169.jpg 300w, https:\/\/asko45000.fr\/wp-content\/uploads\/2025\/12\/12_photos_coupe_departementale_30_11_25_18_ok-768x432.jpg 768w, https:\/\/asko45000.fr\/wp-content\/uploads\/2025\/12\/12_photos_coupe_departementale_30_11_25_18_ok-1536x864.jpg 1536w, https:\/\/asko45000.fr\/wp-content\/uploads\/2025\/12\/12_photos_coupe_departementale_30_11_25_18_ok-2048x1152.jpg 2048w\" sizes=\"auto, (max-width: 1024px) 100vw, 1024px\" \/><\/div><\/div><\/figure><\/div><\/div><\/li><\/ul><\/div><\/div><\/div><\/div>\n\n\n<p class=\"has-text-align-center\"><strong>Dojo de Saint Jean Le Blanc, 30 novembre 2025<\/strong><\/p>\n\n\n\n<p class=\"has-text-align-center\"><strong>Coupe Bernard Espeut \u2013 Kata V\u00e9t\u00e9rans<br>Coupe D\u00e9partementale \u2013 Kumite V\u00e9t\u00e9rans<br>Coupe D\u00e9partementale \u2013 Kata Pupilles-Benjamins<br>Coupe D\u00e9partementale \u2013 Kumite Poussins-Pupilles-Benjamins<\/strong><\/p>\n\n\n\n<p><strong>Aya, F\u00e9lix, Houraye, Karlina, Meryem et Nivo<\/strong> faisaient partie des <strong>134<\/strong> comp\u00e9titeurs engag\u00e9s sur les tatamis. Tous ont livr\u00e9 de beaux combats et de jolis kata. Aya repart avec une m\u00e9daille de bronze, Karlina avec l\u2019argent, tandis que Houraye, Meryem et Nivo d\u00e9crochent l\u2019or<\/p>\n\n\n\n<p><\/p>\n","protected":false},"excerpt":{"rendered":"<p>Dojo de Saint Jean Le Blanc, 30 novembre 2025 Coupe Bernard Espeut \u2013 Kata V\u00e9t\u00e9ransCoupe D\u00e9partementale \u2013 Kumite V\u00e9t\u00e9ransCoupe D\u00e9partementale \u2013 Kata Pupilles-BenjaminsCoupe D\u00e9partementale \u2013 Kumite Poussins-Pupilles-Benjamins Aya, F\u00e9lix, Houraye, Karlina, Meryem et Nivo faisaient partie des 134 comp\u00e9titeurs engag\u00e9s sur les tatamis. Tous ont livr\u00e9 de beaux combats et de jolis kata. Aya repart&#8230;<\/p>\n","protected":false},"author":1,"featured_media":0,"parent":0,"menu_order":0,"comment_status":"closed","ping_status":"closed","template":"","meta":{"_kad_post_transparent":"","_kad_post_title":"","_kad_post_layout":"","_kad_post_sidebar_id":"","_kad_post_content_style":"","_kad_post_vertical_padding":"","_kad_post_feature":"","_kad_post_feature_position":"","_kad_post_header":false,"_kad_post_footer":false,"footnotes":""},"class_list":["post-3519","page","type-page","status-publish","hentry"],"_links":{"self":[{"href":"https:\/\/asko45000.fr\/index.php\/wp-json\/wp\/v2\/pages\/3519","targetHints":{"allow":["GET"]}}],"collection":[{"href":"https:\/\/asko45000.fr\/index.php\/wp-json\/wp\/v2\/pages"}],"about":[{"href":"https:\/\/asko45000.fr\/index.php\/wp-json\/wp\/v2\/types\/page"}],"author":[{"embeddable":true,"href":"https:\/\/asko45000.fr\/index.php\/wp-json\/wp\/v2\/users\/1"}],"replies":[{"embeddable":true,"href":"https:\/\/asko45000.fr\/index.php\/wp-json\/wp\/v2\/comments?post=3519"}],"version-history":[{"count":10,"href":"https:\/\/asko45000.fr\/index.php\/wp-json\/wp\/v2\/pages\/3519\/revisions"}],"predecessor-version":[{"id":3555,"href":"https:\/\/asko45000.fr\/index.php\/wp-json\/wp\/v2\/pages\/3519\/revisions\/3555"}],"wp:attachment":[{"href":"https:\/\/asko45000.fr\/index.php\/wp-json\/wp\/v2\/media?parent=3519"}],"curies":[{"name":"wp","href":"https:\/\/api.w.org\/{rel}","templated":true}]}}