{"id":3876,"date":"2026-04-04T12:50:09","date_gmt":"2026-04-04T10:50:09","guid":{"rendered":"https:\/\/asko45000.fr\/?page_id=3876"},"modified":"2026-04-04T12:54:23","modified_gmt":"2026-04-04T10:54:23","slug":"stage-thierry-claude-30-mars-2026","status":"publish","type":"page","link":"https:\/\/asko45000.fr\/index.php\/stage-thierry-claude-30-mars-2026\/","title":{"rendered":"Stage Thierry Claude, 30 mars 2026"},"content":{"rendered":"<style>.kb-gallery-id-3876_facc92-38 .kadence-blocks-gallery-item .kb-gal-image-radius, .kb-gallery-id-3876_facc92-38 .kb-slide-item .kb-gal-image-radius img{border-radius:0px 0px 0px 0px;;}.kb-gallery-wrap-id-3876_facc92-38.wp-block-kadence-advancedgallery{overflow:visible;}.kb-gallery-wrap-id-3876_facc92-38.wp-block-kadence-advancedgallery .kt-blocks-carousel{overflow:visible;}<\/style><div class=\"kb-gallery-wrap-id-3876_facc92-38 alignnone wp-block-kadence-advancedgallery\"><div class=\"kb-gallery-ul kb-gallery-non-static kb-gallery-type-slider kb-gallery-id-3876_facc92-38 kb-gallery-caption-style-bottom-hover kb-gallery-filter-none\" data-image-filter=\"none\" data-lightbox-caption=\"true\"><div class=\"kt-blocks-carousel splide kt-carousel-container-dotstyle-dark kt-carousel-arrowstyle-whiteondark kt-carousel-dotstyle-dark kb-slider-group-arrow kb-slider-arrow-position-center\" data-slider-anim-speed=\"400\" data-slider-scroll=\"1\" data-slider-arrows=\"true\" data-slider-fade=\"true\" data-slider-dots=\"true\" data-slider-type=\"slider\" data-slider-hover-pause=\"false\" data-slider-auto=\"1\" data-slider-speed=\"4800\" data-show-pause-button=\"false\"><div class=\"splide__track\"><ul class=\"kt-blocks-carousel-init kb-blocks-slider splide__list\"><li class=\"kb-slide-item kb-gallery-slide-item splide__slide\"><div class=\"kadence-blocks-gallery-item\"><div class=\"kadence-blocks-gallery-item-inner\"><figure class=\"kb-gallery-figure kadence-blocks-gallery-item-hide-caption\"><div class=\"kb-gal-image-radius\"><div class=\"kb-gallery-image-contain kadence-blocks-gallery-intrinsic kb-gallery-image-ratio-land169 kb-has-image-ratio-land169\" ><img loading=\"lazy\" decoding=\"async\" src=\"https:\/\/asko45000.fr\/wp-content\/uploads\/2026\/04\/1_stage_thierry_30_03_26_photos_135_ok-1024x576.jpg\" width=\"1024\" height=\"576\" alt=\"\" data-full-image=\"https:\/\/asko45000.fr\/wp-content\/uploads\/2026\/04\/1_stage_thierry_30_03_26_photos_135_ok.jpg\" data-light-image=\"https:\/\/asko45000.fr\/wp-content\/uploads\/2026\/04\/1_stage_thierry_30_03_26_photos_135_ok.jpg\" data-id=\"3878\" class=\"wp-image-3878 skip-lazy\" srcset=\"https:\/\/asko45000.fr\/wp-content\/uploads\/2026\/04\/1_stage_thierry_30_03_26_photos_135_ok-1024x576.jpg 1024w, https:\/\/asko45000.fr\/wp-content\/uploads\/2026\/04\/1_stage_thierry_30_03_26_photos_135_ok-300x169.jpg 300w, https:\/\/asko45000.fr\/wp-content\/uploads\/2026\/04\/1_stage_thierry_30_03_26_photos_135_ok-768x432.jpg 768w, https:\/\/asko45000.fr\/wp-content\/uploads\/2026\/04\/1_stage_thierry_30_03_26_photos_135_ok-1536x864.jpg 1536w, https:\/\/asko45000.fr\/wp-content\/uploads\/2026\/04\/1_stage_thierry_30_03_26_photos_135_ok-2048x1153.jpg 2048w\" sizes=\"auto, (max-width: 1024px) 100vw, 1024px\" \/><\/div><\/div><\/figure><\/div><\/div><\/li><li class=\"kb-slide-item kb-gallery-slide-item splide__slide\"><div class=\"kadence-blocks-gallery-item\"><div class=\"kadence-blocks-gallery-item-inner\"><figure class=\"kb-gallery-figure kadence-blocks-gallery-item-hide-caption\"><div class=\"kb-gal-image-radius\"><div class=\"kb-gallery-image-contain kadence-blocks-gallery-intrinsic kb-gallery-image-ratio-land169 kb-has-image-ratio-land169\" ><img loading=\"lazy\" decoding=\"async\" src=\"https:\/\/asko45000.fr\/wp-content\/uploads\/2026\/04\/2_stage_thierry_30_03_26_photos_36_ok-1024x576.jpg\" width=\"1024\" height=\"576\" alt=\"\" data-full-image=\"https:\/\/asko45000.fr\/wp-content\/uploads\/2026\/04\/2_stage_thierry_30_03_26_photos_36_ok.jpg\" data-light-image=\"https:\/\/asko45000.fr\/wp-content\/uploads\/2026\/04\/2_stage_thierry_30_03_26_photos_36_ok.jpg\" data-id=\"3879\" class=\"wp-image-3879 skip-lazy\" srcset=\"https:\/\/asko45000.fr\/wp-content\/uploads\/2026\/04\/2_stage_thierry_30_03_26_photos_36_ok-1024x576.jpg 1024w, https:\/\/asko45000.fr\/wp-content\/uploads\/2026\/04\/2_stage_thierry_30_03_26_photos_36_ok-300x169.jpg 300w, https:\/\/asko45000.fr\/wp-content\/uploads\/2026\/04\/2_stage_thierry_30_03_26_photos_36_ok-768x432.jpg 768w, https:\/\/asko45000.fr\/wp-content\/uploads\/2026\/04\/2_stage_thierry_30_03_26_photos_36_ok.jpg 1368w\" sizes=\"auto, (max-width: 1024px) 100vw, 1024px\" \/><\/div><\/div><\/figure><\/div><\/div><\/li><li class=\"kb-slide-item kb-gallery-slide-item splide__slide\"><div class=\"kadence-blocks-gallery-item\"><div class=\"kadence-blocks-gallery-item-inner\"><figure class=\"kb-gallery-figure kadence-blocks-gallery-item-hide-caption\"><div class=\"kb-gal-image-radius\"><div class=\"kb-gallery-image-contain kadence-blocks-gallery-intrinsic kb-gallery-image-ratio-land169 kb-has-image-ratio-land169\" ><img loading=\"lazy\" decoding=\"async\" src=\"https:\/\/asko45000.fr\/wp-content\/uploads\/2026\/04\/3_stage_thierry_30_03_26_photos_74_ok-1024x576.jpg\" width=\"1024\" height=\"576\" alt=\"\" data-full-image=\"https:\/\/asko45000.fr\/wp-content\/uploads\/2026\/04\/3_stage_thierry_30_03_26_photos_74_ok.jpg\" data-light-image=\"https:\/\/asko45000.fr\/wp-content\/uploads\/2026\/04\/3_stage_thierry_30_03_26_photos_74_ok.jpg\" data-id=\"3880\" class=\"wp-image-3880 skip-lazy\" srcset=\"https:\/\/asko45000.fr\/wp-content\/uploads\/2026\/04\/3_stage_thierry_30_03_26_photos_74_ok-1024x576.jpg 1024w, https:\/\/asko45000.fr\/wp-content\/uploads\/2026\/04\/3_stage_thierry_30_03_26_photos_74_ok-300x169.jpg 300w, https:\/\/asko45000.fr\/wp-content\/uploads\/2026\/04\/3_stage_thierry_30_03_26_photos_74_ok-768x432.jpg 768w, https:\/\/asko45000.fr\/wp-content\/uploads\/2026\/04\/3_stage_thierry_30_03_26_photos_74_ok-1536x864.jpg 1536w, https:\/\/asko45000.fr\/wp-content\/uploads\/2026\/04\/3_stage_thierry_30_03_26_photos_74_ok-2048x1152.jpg 2048w\" sizes=\"auto, (max-width: 1024px) 100vw, 1024px\" \/><\/div><\/div><\/figure><\/div><\/div><\/li><li class=\"kb-slide-item kb-gallery-slide-item splide__slide\"><div class=\"kadence-blocks-gallery-item\"><div class=\"kadence-blocks-gallery-item-inner\"><figure class=\"kb-gallery-figure kadence-blocks-gallery-item-hide-caption\"><div class=\"kb-gal-image-radius\"><div class=\"kb-gallery-image-contain kadence-blocks-gallery-intrinsic kb-gallery-image-ratio-land169 kb-has-image-ratio-land169\" ><img loading=\"lazy\" decoding=\"async\" src=\"https:\/\/asko45000.fr\/wp-content\/uploads\/2026\/04\/4_stage_thierry_30_03_26_photos_77_ok-1024x576.jpg\" width=\"1024\" height=\"576\" alt=\"\" data-full-image=\"https:\/\/asko45000.fr\/wp-content\/uploads\/2026\/04\/4_stage_thierry_30_03_26_photos_77_ok-scaled.jpg\" data-light-image=\"https:\/\/asko45000.fr\/wp-content\/uploads\/2026\/04\/4_stage_thierry_30_03_26_photos_77_ok-scaled.jpg\" data-id=\"3881\" class=\"wp-image-3881 skip-lazy\" srcset=\"https:\/\/asko45000.fr\/wp-content\/uploads\/2026\/04\/4_stage_thierry_30_03_26_photos_77_ok-1024x576.jpg 1024w, https:\/\/asko45000.fr\/wp-content\/uploads\/2026\/04\/4_stage_thierry_30_03_26_photos_77_ok-300x169.jpg 300w, https:\/\/asko45000.fr\/wp-content\/uploads\/2026\/04\/4_stage_thierry_30_03_26_photos_77_ok-768x432.jpg 768w, https:\/\/asko45000.fr\/wp-content\/uploads\/2026\/04\/4_stage_thierry_30_03_26_photos_77_ok-1536x864.jpg 1536w, https:\/\/asko45000.fr\/wp-content\/uploads\/2026\/04\/4_stage_thierry_30_03_26_photos_77_ok-2048x1152.jpg 2048w\" sizes=\"auto, (max-width: 1024px) 100vw, 1024px\" \/><\/div><\/div><\/figure><\/div><\/div><\/li><li class=\"kb-slide-item kb-gallery-slide-item splide__slide\"><div class=\"kadence-blocks-gallery-item\"><div class=\"kadence-blocks-gallery-item-inner\"><figure class=\"kb-gallery-figure kadence-blocks-gallery-item-hide-caption\"><div class=\"kb-gal-image-radius\"><div class=\"kb-gallery-image-contain kadence-blocks-gallery-intrinsic kb-gallery-image-ratio-land169 kb-has-image-ratio-land169\" ><img loading=\"lazy\" decoding=\"async\" src=\"https:\/\/asko45000.fr\/wp-content\/uploads\/2026\/04\/5_stage_thierry_30_03_26_photos_70_ok-1024x576.jpg\" width=\"1024\" height=\"576\" alt=\"\" data-full-image=\"https:\/\/asko45000.fr\/wp-content\/uploads\/2026\/04\/5_stage_thierry_30_03_26_photos_70_ok-scaled.jpg\" data-light-image=\"https:\/\/asko45000.fr\/wp-content\/uploads\/2026\/04\/5_stage_thierry_30_03_26_photos_70_ok-scaled.jpg\" data-id=\"3882\" class=\"wp-image-3882 skip-lazy\" srcset=\"https:\/\/asko45000.fr\/wp-content\/uploads\/2026\/04\/5_stage_thierry_30_03_26_photos_70_ok-1024x576.jpg 1024w, https:\/\/asko45000.fr\/wp-content\/uploads\/2026\/04\/5_stage_thierry_30_03_26_photos_70_ok-300x169.jpg 300w, https:\/\/asko45000.fr\/wp-content\/uploads\/2026\/04\/5_stage_thierry_30_03_26_photos_70_ok-768x432.jpg 768w, https:\/\/asko45000.fr\/wp-content\/uploads\/2026\/04\/5_stage_thierry_30_03_26_photos_70_ok-1536x864.jpg 1536w, https:\/\/asko45000.fr\/wp-content\/uploads\/2026\/04\/5_stage_thierry_30_03_26_photos_70_ok-2048x1152.jpg 2048w\" sizes=\"auto, (max-width: 1024px) 100vw, 1024px\" \/><\/div><\/div><\/figure><\/div><\/div><\/li><li class=\"kb-slide-item kb-gallery-slide-item splide__slide\"><div class=\"kadence-blocks-gallery-item\"><div class=\"kadence-blocks-gallery-item-inner\"><figure class=\"kb-gallery-figure kadence-blocks-gallery-item-hide-caption\"><div class=\"kb-gal-image-radius\"><div class=\"kb-gallery-image-contain kadence-blocks-gallery-intrinsic kb-gallery-image-ratio-land169 kb-has-image-ratio-land169\" ><img loading=\"lazy\" decoding=\"async\" src=\"https:\/\/asko45000.fr\/wp-content\/uploads\/2026\/04\/6_stage_thierry_30_03_26_photos_43_ok-1024x576.jpg\" width=\"1024\" height=\"576\" alt=\"\" data-full-image=\"https:\/\/asko45000.fr\/wp-content\/uploads\/2026\/04\/6_stage_thierry_30_03_26_photos_43_ok-scaled.jpg\" data-light-image=\"https:\/\/asko45000.fr\/wp-content\/uploads\/2026\/04\/6_stage_thierry_30_03_26_photos_43_ok-scaled.jpg\" data-id=\"3883\" class=\"wp-image-3883 skip-lazy\" srcset=\"https:\/\/asko45000.fr\/wp-content\/uploads\/2026\/04\/6_stage_thierry_30_03_26_photos_43_ok-1024x576.jpg 1024w, https:\/\/asko45000.fr\/wp-content\/uploads\/2026\/04\/6_stage_thierry_30_03_26_photos_43_ok-300x169.jpg 300w, https:\/\/asko45000.fr\/wp-content\/uploads\/2026\/04\/6_stage_thierry_30_03_26_photos_43_ok-768x432.jpg 768w, https:\/\/asko45000.fr\/wp-content\/uploads\/2026\/04\/6_stage_thierry_30_03_26_photos_43_ok-1536x864.jpg 1536w, https:\/\/asko45000.fr\/wp-content\/uploads\/2026\/04\/6_stage_thierry_30_03_26_photos_43_ok-2048x1152.jpg 2048w\" sizes=\"auto, (max-width: 1024px) 100vw, 1024px\" \/><\/div><\/div><\/figure><\/div><\/div><\/li><li class=\"kb-slide-item kb-gallery-slide-item splide__slide\"><div class=\"kadence-blocks-gallery-item\"><div class=\"kadence-blocks-gallery-item-inner\"><figure class=\"kb-gallery-figure kadence-blocks-gallery-item-hide-caption\"><div class=\"kb-gal-image-radius\"><div class=\"kb-gallery-image-contain kadence-blocks-gallery-intrinsic kb-gallery-image-ratio-land169 kb-has-image-ratio-land169\" ><img loading=\"lazy\" decoding=\"async\" src=\"https:\/\/asko45000.fr\/wp-content\/uploads\/2026\/04\/7_stage_thierry_30_03_26_photos_47_ok-1024x576.jpg\" width=\"1024\" height=\"576\" alt=\"\" data-full-image=\"https:\/\/asko45000.fr\/wp-content\/uploads\/2026\/04\/7_stage_thierry_30_03_26_photos_47_ok.jpg\" data-light-image=\"https:\/\/asko45000.fr\/wp-content\/uploads\/2026\/04\/7_stage_thierry_30_03_26_photos_47_ok.jpg\" data-id=\"3884\" class=\"wp-image-3884 skip-lazy\" srcset=\"https:\/\/asko45000.fr\/wp-content\/uploads\/2026\/04\/7_stage_thierry_30_03_26_photos_47_ok-1024x576.jpg 1024w, https:\/\/asko45000.fr\/wp-content\/uploads\/2026\/04\/7_stage_thierry_30_03_26_photos_47_ok-300x169.jpg 300w, https:\/\/asko45000.fr\/wp-content\/uploads\/2026\/04\/7_stage_thierry_30_03_26_photos_47_ok-768x432.jpg 768w, https:\/\/asko45000.fr\/wp-content\/uploads\/2026\/04\/7_stage_thierry_30_03_26_photos_47_ok-1536x864.jpg 1536w, https:\/\/asko45000.fr\/wp-content\/uploads\/2026\/04\/7_stage_thierry_30_03_26_photos_47_ok-2048x1152.jpg 2048w\" sizes=\"auto, (max-width: 1024px) 100vw, 1024px\" \/><\/div><\/div><\/figure><\/div><\/div><\/li><li class=\"kb-slide-item kb-gallery-slide-item splide__slide\"><div class=\"kadence-blocks-gallery-item\"><div class=\"kadence-blocks-gallery-item-inner\"><figure class=\"kb-gallery-figure kadence-blocks-gallery-item-hide-caption\"><div class=\"kb-gal-image-radius\"><div class=\"kb-gallery-image-contain kadence-blocks-gallery-intrinsic kb-gallery-image-ratio-land169 kb-has-image-ratio-land169\" ><img loading=\"lazy\" decoding=\"async\" src=\"https:\/\/asko45000.fr\/wp-content\/uploads\/2026\/04\/8_stage_thierry_30_03_26_photos_44_ok-1024x576.jpg\" width=\"1024\" height=\"576\" alt=\"\" data-full-image=\"https:\/\/asko45000.fr\/wp-content\/uploads\/2026\/04\/8_stage_thierry_30_03_26_photos_44_ok.jpg\" data-light-image=\"https:\/\/asko45000.fr\/wp-content\/uploads\/2026\/04\/8_stage_thierry_30_03_26_photos_44_ok.jpg\" data-id=\"3885\" class=\"wp-image-3885 skip-lazy\" srcset=\"https:\/\/asko45000.fr\/wp-content\/uploads\/2026\/04\/8_stage_thierry_30_03_26_photos_44_ok-1024x576.jpg 1024w, https:\/\/asko45000.fr\/wp-content\/uploads\/2026\/04\/8_stage_thierry_30_03_26_photos_44_ok-300x169.jpg 300w, https:\/\/asko45000.fr\/wp-content\/uploads\/2026\/04\/8_stage_thierry_30_03_26_photos_44_ok-768x432.jpg 768w, https:\/\/asko45000.fr\/wp-content\/uploads\/2026\/04\/8_stage_thierry_30_03_26_photos_44_ok-1536x864.jpg 1536w, https:\/\/asko45000.fr\/wp-content\/uploads\/2026\/04\/8_stage_thierry_30_03_26_photos_44_ok-2048x1152.jpg 2048w\" sizes=\"auto, (max-width: 1024px) 100vw, 1024px\" \/><\/div><\/div><\/figure><\/div><\/div><\/li><li class=\"kb-slide-item kb-gallery-slide-item splide__slide\"><div class=\"kadence-blocks-gallery-item\"><div class=\"kadence-blocks-gallery-item-inner\"><figure class=\"kb-gallery-figure kadence-blocks-gallery-item-hide-caption\"><div class=\"kb-gal-image-radius\"><div class=\"kb-gallery-image-contain kadence-blocks-gallery-intrinsic kb-gallery-image-ratio-land169 kb-has-image-ratio-land169\" ><img loading=\"lazy\" decoding=\"async\" src=\"https:\/\/asko45000.fr\/wp-content\/uploads\/2026\/04\/9_stage_thierry_30_03_26_photos_51_ok-1024x576.jpg\" width=\"1024\" height=\"576\" alt=\"\" data-full-image=\"https:\/\/asko45000.fr\/wp-content\/uploads\/2026\/04\/9_stage_thierry_30_03_26_photos_51_ok-scaled.jpg\" data-light-image=\"https:\/\/asko45000.fr\/wp-content\/uploads\/2026\/04\/9_stage_thierry_30_03_26_photos_51_ok-scaled.jpg\" data-id=\"3886\" class=\"wp-image-3886 skip-lazy\" srcset=\"https:\/\/asko45000.fr\/wp-content\/uploads\/2026\/04\/9_stage_thierry_30_03_26_photos_51_ok-1024x576.jpg 1024w, https:\/\/asko45000.fr\/wp-content\/uploads\/2026\/04\/9_stage_thierry_30_03_26_photos_51_ok-300x169.jpg 300w, https:\/\/asko45000.fr\/wp-content\/uploads\/2026\/04\/9_stage_thierry_30_03_26_photos_51_ok-768x432.jpg 768w, https:\/\/asko45000.fr\/wp-content\/uploads\/2026\/04\/9_stage_thierry_30_03_26_photos_51_ok-1536x864.jpg 1536w, https:\/\/asko45000.fr\/wp-content\/uploads\/2026\/04\/9_stage_thierry_30_03_26_photos_51_ok-2048x1152.jpg 2048w\" sizes=\"auto, (max-width: 1024px) 100vw, 1024px\" \/><\/div><\/div><\/figure><\/div><\/div><\/li><li class=\"kb-slide-item kb-gallery-slide-item splide__slide\"><div class=\"kadence-blocks-gallery-item\"><div class=\"kadence-blocks-gallery-item-inner\"><figure class=\"kb-gallery-figure kadence-blocks-gallery-item-hide-caption\"><div class=\"kb-gal-image-radius\"><div class=\"kb-gallery-image-contain kadence-blocks-gallery-intrinsic kb-gallery-image-ratio-land169 kb-has-image-ratio-land169\" ><img loading=\"lazy\" decoding=\"async\" src=\"https:\/\/asko45000.fr\/wp-content\/uploads\/2026\/04\/10_stage_thierry_30_03_26_photos_46_ok-1024x576.jpg\" width=\"1024\" height=\"576\" alt=\"\" data-full-image=\"https:\/\/asko45000.fr\/wp-content\/uploads\/2026\/04\/10_stage_thierry_30_03_26_photos_46_ok-scaled.jpg\" data-light-image=\"https:\/\/asko45000.fr\/wp-content\/uploads\/2026\/04\/10_stage_thierry_30_03_26_photos_46_ok-scaled.jpg\" data-id=\"3887\" class=\"wp-image-3887 skip-lazy\" srcset=\"https:\/\/asko45000.fr\/wp-content\/uploads\/2026\/04\/10_stage_thierry_30_03_26_photos_46_ok-1024x576.jpg 1024w, https:\/\/asko45000.fr\/wp-content\/uploads\/2026\/04\/10_stage_thierry_30_03_26_photos_46_ok-300x169.jpg 300w, https:\/\/asko45000.fr\/wp-content\/uploads\/2026\/04\/10_stage_thierry_30_03_26_photos_46_ok-768x432.jpg 768w, https:\/\/asko45000.fr\/wp-content\/uploads\/2026\/04\/10_stage_thierry_30_03_26_photos_46_ok-1536x864.jpg 1536w, https:\/\/asko45000.fr\/wp-content\/uploads\/2026\/04\/10_stage_thierry_30_03_26_photos_46_ok-2048x1152.jpg 2048w\" sizes=\"auto, (max-width: 1024px) 100vw, 1024px\" \/><\/div><\/div><\/figure><\/div><\/div><\/li><li class=\"kb-slide-item kb-gallery-slide-item splide__slide\"><div class=\"kadence-blocks-gallery-item\"><div class=\"kadence-blocks-gallery-item-inner\"><figure class=\"kb-gallery-figure kadence-blocks-gallery-item-hide-caption\"><div class=\"kb-gal-image-radius\"><div class=\"kb-gallery-image-contain kadence-blocks-gallery-intrinsic kb-gallery-image-ratio-land169 kb-has-image-ratio-land169\" ><img loading=\"lazy\" decoding=\"async\" src=\"https:\/\/asko45000.fr\/wp-content\/uploads\/2026\/04\/11_stage_thierry_30_03_26_photos_53_ok-1024x576.jpg\" width=\"1024\" height=\"576\" alt=\"\" data-full-image=\"https:\/\/asko45000.fr\/wp-content\/uploads\/2026\/04\/11_stage_thierry_30_03_26_photos_53_ok.jpg\" data-light-image=\"https:\/\/asko45000.fr\/wp-content\/uploads\/2026\/04\/11_stage_thierry_30_03_26_photos_53_ok.jpg\" data-id=\"3888\" class=\"wp-image-3888 skip-lazy\" srcset=\"https:\/\/asko45000.fr\/wp-content\/uploads\/2026\/04\/11_stage_thierry_30_03_26_photos_53_ok-1024x576.jpg 1024w, https:\/\/asko45000.fr\/wp-content\/uploads\/2026\/04\/11_stage_thierry_30_03_26_photos_53_ok-300x169.jpg 300w, https:\/\/asko45000.fr\/wp-content\/uploads\/2026\/04\/11_stage_thierry_30_03_26_photos_53_ok-768x432.jpg 768w, https:\/\/asko45000.fr\/wp-content\/uploads\/2026\/04\/11_stage_thierry_30_03_26_photos_53_ok-1536x863.jpg 1536w, https:\/\/asko45000.fr\/wp-content\/uploads\/2026\/04\/11_stage_thierry_30_03_26_photos_53_ok.jpg 1875w\" sizes=\"auto, (max-width: 1024px) 100vw, 1024px\" \/><\/div><\/div><\/figure><\/div><\/div><\/li><li class=\"kb-slide-item kb-gallery-slide-item splide__slide\"><div class=\"kadence-blocks-gallery-item\"><div class=\"kadence-blocks-gallery-item-inner\"><figure class=\"kb-gallery-figure kadence-blocks-gallery-item-hide-caption\"><div class=\"kb-gal-image-radius\"><div class=\"kb-gallery-image-contain kadence-blocks-gallery-intrinsic kb-gallery-image-ratio-land169 kb-has-image-ratio-land169\" ><img loading=\"lazy\" decoding=\"async\" src=\"https:\/\/asko45000.fr\/wp-content\/uploads\/2026\/04\/12_stage_thierry_30_03_26_photos_54_ok-1024x576.jpg\" width=\"1024\" height=\"576\" alt=\"\" data-full-image=\"https:\/\/asko45000.fr\/wp-content\/uploads\/2026\/04\/12_stage_thierry_30_03_26_photos_54_ok-scaled.jpg\" data-light-image=\"https:\/\/asko45000.fr\/wp-content\/uploads\/2026\/04\/12_stage_thierry_30_03_26_photos_54_ok-scaled.jpg\" data-id=\"3889\" class=\"wp-image-3889 skip-lazy\" srcset=\"https:\/\/asko45000.fr\/wp-content\/uploads\/2026\/04\/12_stage_thierry_30_03_26_photos_54_ok-1024x576.jpg 1024w, https:\/\/asko45000.fr\/wp-content\/uploads\/2026\/04\/12_stage_thierry_30_03_26_photos_54_ok-300x169.jpg 300w, https:\/\/asko45000.fr\/wp-content\/uploads\/2026\/04\/12_stage_thierry_30_03_26_photos_54_ok-768x432.jpg 768w, https:\/\/asko45000.fr\/wp-content\/uploads\/2026\/04\/12_stage_thierry_30_03_26_photos_54_ok-1536x864.jpg 1536w, https:\/\/asko45000.fr\/wp-content\/uploads\/2026\/04\/12_stage_thierry_30_03_26_photos_54_ok-2048x1152.jpg 2048w\" sizes=\"auto, (max-width: 1024px) 100vw, 1024px\" \/><\/div><\/div><\/figure><\/div><\/div><\/li><li class=\"kb-slide-item kb-gallery-slide-item splide__slide\"><div class=\"kadence-blocks-gallery-item\"><div class=\"kadence-blocks-gallery-item-inner\"><figure class=\"kb-gallery-figure kadence-blocks-gallery-item-hide-caption\"><div class=\"kb-gal-image-radius\"><div class=\"kb-gallery-image-contain kadence-blocks-gallery-intrinsic kb-gallery-image-ratio-land169 kb-has-image-ratio-land169\" ><img loading=\"lazy\" decoding=\"async\" src=\"https:\/\/asko45000.fr\/wp-content\/uploads\/2026\/04\/13_stage_thierry_30_03_26_photos_69_ok-1024x576.jpg\" width=\"1024\" height=\"576\" alt=\"\" data-full-image=\"https:\/\/asko45000.fr\/wp-content\/uploads\/2026\/04\/13_stage_thierry_30_03_26_photos_69_ok-scaled.jpg\" data-light-image=\"https:\/\/asko45000.fr\/wp-content\/uploads\/2026\/04\/13_stage_thierry_30_03_26_photos_69_ok-scaled.jpg\" data-id=\"3890\" class=\"wp-image-3890 skip-lazy\" srcset=\"https:\/\/asko45000.fr\/wp-content\/uploads\/2026\/04\/13_stage_thierry_30_03_26_photos_69_ok-1024x576.jpg 1024w, https:\/\/asko45000.fr\/wp-content\/uploads\/2026\/04\/13_stage_thierry_30_03_26_photos_69_ok-300x169.jpg 300w, https:\/\/asko45000.fr\/wp-content\/uploads\/2026\/04\/13_stage_thierry_30_03_26_photos_69_ok-768x432.jpg 768w, https:\/\/asko45000.fr\/wp-content\/uploads\/2026\/04\/13_stage_thierry_30_03_26_photos_69_ok-1536x864.jpg 1536w, https:\/\/asko45000.fr\/wp-content\/uploads\/2026\/04\/13_stage_thierry_30_03_26_photos_69_ok-2048x1152.jpg 2048w\" sizes=\"auto, (max-width: 1024px) 100vw, 1024px\" \/><\/div><\/div><\/figure><\/div><\/div><\/li><li class=\"kb-slide-item kb-gallery-slide-item splide__slide\"><div class=\"kadence-blocks-gallery-item\"><div class=\"kadence-blocks-gallery-item-inner\"><figure class=\"kb-gallery-figure kadence-blocks-gallery-item-hide-caption\"><div class=\"kb-gal-image-radius\"><div class=\"kb-gallery-image-contain kadence-blocks-gallery-intrinsic kb-gallery-image-ratio-land169 kb-has-image-ratio-land169\" ><img loading=\"lazy\" decoding=\"async\" src=\"https:\/\/asko45000.fr\/wp-content\/uploads\/2026\/04\/14_stage_thierry_30_03_26_photos_68_ok-1024x576.jpg\" width=\"1024\" height=\"576\" alt=\"\" data-full-image=\"https:\/\/asko45000.fr\/wp-content\/uploads\/2026\/04\/14_stage_thierry_30_03_26_photos_68_ok.jpg\" data-light-image=\"https:\/\/asko45000.fr\/wp-content\/uploads\/2026\/04\/14_stage_thierry_30_03_26_photos_68_ok.jpg\" data-id=\"3891\" class=\"wp-image-3891 skip-lazy\" srcset=\"https:\/\/asko45000.fr\/wp-content\/uploads\/2026\/04\/14_stage_thierry_30_03_26_photos_68_ok-1024x576.jpg 1024w, https:\/\/asko45000.fr\/wp-content\/uploads\/2026\/04\/14_stage_thierry_30_03_26_photos_68_ok-300x169.jpg 300w, https:\/\/asko45000.fr\/wp-content\/uploads\/2026\/04\/14_stage_thierry_30_03_26_photos_68_ok-768x432.jpg 768w, https:\/\/asko45000.fr\/wp-content\/uploads\/2026\/04\/14_stage_thierry_30_03_26_photos_68_ok-1536x864.jpg 1536w, https:\/\/asko45000.fr\/wp-content\/uploads\/2026\/04\/14_stage_thierry_30_03_26_photos_68_ok.jpg 1823w\" sizes=\"auto, (max-width: 1024px) 100vw, 1024px\" \/><\/div><\/div><\/figure><\/div><\/div><\/li><\/ul><\/div><\/div><\/div><\/div>\n\n\n<p>Vingt quatre participants au stage <strong>organis\u00e9 par l&rsquo;ASKO<\/strong> anim\u00e9 par <strong>Thierry Claude, Directeur Technique D\u00e9partemental de l&rsquo;Indre (CDK36<\/strong>), au dojo Jacques Cosson, Orl\u00e9ans La Source, le 30 mars 2026.<\/p>\n\n\n\n<p><\/p>\n","protected":false},"excerpt":{"rendered":"<p>Vingt quatre participants au stage organis\u00e9 par l&rsquo;ASKO anim\u00e9 par Thierry Claude, Directeur Technique D\u00e9partemental de l&rsquo;Indre (CDK36), au dojo Jacques Cosson, Orl\u00e9ans La Source, le 30 mars 2026.<\/p>\n","protected":false},"author":1,"featured_media":0,"parent":0,"menu_order":0,"comment_status":"closed","ping_status":"closed","template":"","meta":{"_kad_post_transparent":"","_kad_post_title":"","_kad_post_layout":"","_kad_post_sidebar_id":"","_kad_post_content_style":"","_kad_post_vertical_padding":"","_kad_post_feature":"","_kad_post_feature_position":"","_kad_post_header":false,"_kad_post_footer":false,"footnotes":""},"class_list":["post-3876","page","type-page","status-publish","hentry"],"_links":{"self":[{"href":"https:\/\/asko45000.fr\/index.php\/wp-json\/wp\/v2\/pages\/3876","targetHints":{"allow":["GET"]}}],"collection":[{"href":"https:\/\/asko45000.fr\/index.php\/wp-json\/wp\/v2\/pages"}],"about":[{"href":"https:\/\/asko45000.fr\/index.php\/wp-json\/wp\/v2\/types\/page"}],"author":[{"embeddable":true,"href":"https:\/\/asko45000.fr\/index.php\/wp-json\/wp\/v2\/users\/1"}],"replies":[{"embeddable":true,"href":"https:\/\/asko45000.fr\/index.php\/wp-json\/wp\/v2\/comments?post=3876"}],"version-history":[{"count":3,"href":"https:\/\/asko45000.fr\/index.php\/wp-json\/wp\/v2\/pages\/3876\/revisions"}],"predecessor-version":[{"id":3894,"href":"https:\/\/asko45000.fr\/index.php\/wp-json\/wp\/v2\/pages\/3876\/revisions\/3894"}],"wp:attachment":[{"href":"https:\/\/asko45000.fr\/index.php\/wp-json\/wp\/v2\/media?parent=3876"}],"curies":[{"name":"wp","href":"https:\/\/api.w.org\/{rel}","templated":true}]}}