{"id":430,"date":"2023-02-08T11:30:30","date_gmt":"2023-02-08T10:30:30","guid":{"rendered":"http:\/\/askofrx.cluster028.hosting.ovh.net\/?page_id=430"},"modified":"2024-04-16T16:58:15","modified_gmt":"2024-04-16T14:58:15","slug":"passage-de-grade-decembre-2022","status":"publish","type":"page","link":"https:\/\/asko45000.fr\/index.php\/passage-de-grade-decembre-2022\/","title":{"rendered":"Passage de grade : Ceinture Noire 1er Dan,  juin 2022"},"content":{"rendered":"\n<figure class=\"wp-block-gallery has-nested-images columns-default is-cropped wp-block-gallery-1 is-layout-flex wp-block-gallery-is-layout-flex\">\n<figure class=\"wp-block-image size-large\"><img loading=\"lazy\" decoding=\"async\" width=\"1024\" height=\"1024\" data-id=\"529\" src=\"http:\/\/askofrx.cluster028.hosting.ovh.net\/wp-content\/uploads\/2023\/02\/tiny_ceintures_noires_aida_quoc_pierre_antoine_2-1024x1024.jpg\" alt=\"\" class=\"wp-image-529\" srcset=\"https:\/\/asko45000.fr\/wp-content\/uploads\/2023\/02\/tiny_ceintures_noires_aida_quoc_pierre_antoine_2-1024x1024.jpg 1024w, https:\/\/asko45000.fr\/wp-content\/uploads\/2023\/02\/tiny_ceintures_noires_aida_quoc_pierre_antoine_2-300x300.jpg 300w, https:\/\/asko45000.fr\/wp-content\/uploads\/2023\/02\/tiny_ceintures_noires_aida_quoc_pierre_antoine_2-150x150.jpg 150w, https:\/\/asko45000.fr\/wp-content\/uploads\/2023\/02\/tiny_ceintures_noires_aida_quoc_pierre_antoine_2-768x768.jpg 768w, https:\/\/asko45000.fr\/wp-content\/uploads\/2023\/02\/tiny_ceintures_noires_aida_quoc_pierre_antoine_2.jpg 1149w\" sizes=\"auto, (max-width: 1024px) 100vw, 1024px\" \/><figcaption class=\"wp-element-caption\">Pierre-Antoine, Nivo, Marc, Romain, A\u00efda, Quoc-Toan<\/figcaption><\/figure>\n<\/figure>\n\n\n\n<p class=\"has-text-align-center\">juin 2022<\/p>\n\n\n\n<h6 class=\"wp-block-heading has-text-align-center\">Passage de grade : Ceinture Noire 1er Dan,  juin 2022<\/h6>\n\n\n\n<p>A\u00efda, Pierre Antoine, Quoc-Toan et Romain ont obtenu leur Ceinture Noire 1er Dan, devant le jury pr\u00e9sid\u00e9 par Fabien Poullin (Directeur Technique D\u00e9partemental de Karat\u00e9 du Loiret). A\u00efda, Quoc-Toan et Romain ont d\u00e9but\u00e9 le karat\u00e9 au club. A\u00efda a commenc\u00e9 en baby-karat\u00e9 !<\/p>\n","protected":false},"excerpt":{"rendered":"<p>juin 2022 Passage de grade : Ceinture Noire 1er Dan, juin 2022 A\u00efda, Pierre Antoine, Quoc-Toan et Romain ont obtenu leur Ceinture Noire 1er Dan, devant le jury pr\u00e9sid\u00e9 par Fabien Poullin (Directeur Technique D\u00e9partemental de Karat\u00e9 du Loiret). A\u00efda, Quoc-Toan et Romain ont d\u00e9but\u00e9 le karat\u00e9 au club. A\u00efda a commenc\u00e9 en baby-karat\u00e9 !<\/p>\n","protected":false},"author":1,"featured_media":0,"parent":0,"menu_order":0,"comment_status":"closed","ping_status":"closed","template":"","meta":{"_kad_post_transparent":"","_kad_post_title":"","_kad_post_layout":"","_kad_post_sidebar_id":"","_kad_post_content_style":"","_kad_post_vertical_padding":"","_kad_post_feature":"","_kad_post_feature_position":"","_kad_post_header":false,"_kad_post_footer":false,"footnotes":""},"class_list":["post-430","page","type-page","status-publish","hentry"],"_links":{"self":[{"href":"https:\/\/asko45000.fr\/index.php\/wp-json\/wp\/v2\/pages\/430","targetHints":{"allow":["GET"]}}],"collection":[{"href":"https:\/\/asko45000.fr\/index.php\/wp-json\/wp\/v2\/pages"}],"about":[{"href":"https:\/\/asko45000.fr\/index.php\/wp-json\/wp\/v2\/types\/page"}],"author":[{"embeddable":true,"href":"https:\/\/asko45000.fr\/index.php\/wp-json\/wp\/v2\/users\/1"}],"replies":[{"embeddable":true,"href":"https:\/\/asko45000.fr\/index.php\/wp-json\/wp\/v2\/comments?post=430"}],"version-history":[{"count":10,"href":"https:\/\/asko45000.fr\/index.php\/wp-json\/wp\/v2\/pages\/430\/revisions"}],"predecessor-version":[{"id":2358,"href":"https:\/\/asko45000.fr\/index.php\/wp-json\/wp\/v2\/pages\/430\/revisions\/2358"}],"wp:attachment":[{"href":"https:\/\/asko45000.fr\/index.php\/wp-json\/wp\/v2\/media?parent=430"}],"curies":[{"name":"wp","href":"https:\/\/api.w.org\/{rel}","templated":true}]}}

<figure class="wp-block-gallery has-nested-images columns-default is-cropped wp-block-gallery-1 is-layout-flex wp-block-gallery-is-layout-flex">
<figure class="wp-block-image size-large"><img loading="lazy" decoding="async" width="1024" height="1024" data-id="529" src="http://askofrx.cluster028.hosting.ovh.net/wp-content/uploads/2023/02/tiny_ceintures_noires_aida_quoc_pierre_antoine_2-1024x1024.jpg" alt="" class="wp-image-529" srcset="https://asko45000.fr/wp-content/uploads/2023/02/tiny_ceintures_noires_aida_quoc_pierre_antoine_2-1024x1024.jpg 1024w, https://asko45000.fr/wp-content/uploads/2023/02/tiny_ceintures_noires_aida_quoc_pierre_antoine_2-300x300.jpg 300w, https://asko45000.fr/wp-content/uploads/2023/02/tiny_ceintures_noires_aida_quoc_pierre_antoine_2-150x150.jpg 150w, https://asko45000.fr/wp-content/uploads/2023/02/tiny_ceintures_noires_aida_quoc_pierre_antoine_2-768x768.jpg 768w, https://asko45000.fr/wp-content/uploads/2023/02/tiny_ceintures_noires_aida_quoc_pierre_antoine_2.jpg 1149w" sizes="auto, (max-width: 1024px) 100vw, 1024px" /><figcaption class="wp-element-caption">Pierre-Antoine, Nivo, Marc, Romain, Aïda, Quoc-Toan</figcaption></figure>
</figure>



<p class="has-text-align-center">juin 2022</p>



<h6 class="wp-block-heading has-text-align-center">Passage de grade : Ceinture Noire 1er Dan,  juin 2022</h6>



<p>Aïda, Pierre Antoine, Quoc-Toan et Romain ont obtenu leur Ceinture Noire 1er Dan, devant le jury présidé par Fabien Poullin (Directeur Technique Départemental de Karaté du Loiret). Aïda, Quoc-Toan et Romain ont débuté le karaté au club. Aïda a commencé en baby-karaté !</p>

<p>juin 2022 Passage de grade : Ceinture Noire 1er Dan, juin 2022 Aïda, Pierre Antoine, Quoc-Toan et Romain ont obtenu leur Ceinture Noire 1er Dan, devant le jury présidé par Fabien Poullin (Directeur Technique Départemental de Karaté du Loiret). Aïda, Quoc-Toan et Romain ont débuté le karaté au club. Aïda a commencé en baby-karaté !</p>
