{"id":643,"date":"2023-02-19T16:48:42","date_gmt":"2023-02-19T15:48:42","guid":{"rendered":"https:\/\/asko45000.fr\/?page_id=643"},"modified":"2026-04-21T17:49:04","modified_gmt":"2026-04-21T15:49:04","slug":"karate-sante","status":"publish","type":"page","link":"https:\/\/asko45000.fr\/index.php\/karate-sante\/","title":{"rendered":"Karat\u00e9 Sant\u00e9"},"content":{"rendered":"<style>.kb-gallery-id-643_3c1bcc-0c .kadence-blocks-gallery-item .kb-gal-image-radius, .kb-gallery-id-643_3c1bcc-0c .kb-slide-item .kb-gal-image-radius img{border-radius:0px 0px 0px 0px;;}.kb-gallery-wrap-id-643_3c1bcc-0c.wp-block-kadence-advancedgallery{overflow:visible;}.kb-gallery-wrap-id-643_3c1bcc-0c.wp-block-kadence-advancedgallery .kt-blocks-carousel{overflow:visible;}<\/style><div class=\"kb-gallery-wrap-id-643_3c1bcc-0c alignnone wp-block-kadence-advancedgallery\"><div class=\"kb-gallery-ul kb-gallery-non-static kb-gallery-type-slider kb-gallery-id-643_3c1bcc-0c kb-gallery-caption-style-bottom-hover kb-gallery-filter-none\" data-image-filter=\"none\" data-lightbox-caption=\"true\"><div class=\"kt-blocks-carousel splide kt-carousel-container-dotstyle-dark kt-carousel-arrowstyle-whiteondark kt-carousel-dotstyle-dark kb-slider-group-arrow kb-slider-arrow-position-center\" data-slider-anim-speed=\"2510\" data-slider-scroll=\"1\" data-slider-arrows=\"true\" data-slider-fade=\"true\" data-slider-dots=\"true\" data-slider-type=\"slider\" data-slider-hover-pause=\"false\" data-slider-auto=\"1\" data-slider-speed=\"7000\" data-show-pause-button=\"false\"><div class=\"splide__track\"><ul class=\"kt-blocks-carousel-init kb-blocks-slider splide__list\"><li class=\"kb-slide-item kb-gallery-slide-item splide__slide\"><div class=\"kadence-blocks-gallery-item\"><div class=\"kadence-blocks-gallery-item-inner\"><figure class=\"kb-gallery-figure kadence-blocks-gallery-item-hide-caption\"><div class=\"kb-gal-image-radius\"><div class=\"kb-gallery-image-contain kadence-blocks-gallery-intrinsic kb-gallery-image-ratio-land32 kb-has-image-ratio-land32\" ><img loading=\"lazy\" decoding=\"async\" src=\"https:\/\/asko45000.fr\/wp-content\/uploads\/2023\/06\/karate_sante_20_06_23_3-1024x768.jpg\" width=\"1024\" height=\"768\" alt=\"\" data-full-image=\"https:\/\/asko45000.fr\/wp-content\/uploads\/2023\/06\/karate_sante_20_06_23_3.jpg\" data-light-image=\"https:\/\/asko45000.fr\/wp-content\/uploads\/2023\/06\/karate_sante_20_06_23_3.jpg\" data-id=\"1384\" class=\"wp-image-1384 skip-lazy\" srcset=\"https:\/\/asko45000.fr\/wp-content\/uploads\/2023\/06\/karate_sante_20_06_23_3-1024x768.jpg 1024w, https:\/\/asko45000.fr\/wp-content\/uploads\/2023\/06\/karate_sante_20_06_23_3-300x225.jpg 300w, https:\/\/asko45000.fr\/wp-content\/uploads\/2023\/06\/karate_sante_20_06_23_3-768x576.jpg 768w, https:\/\/asko45000.fr\/wp-content\/uploads\/2023\/06\/karate_sante_20_06_23_3-1536x1152.jpg 1536w, https:\/\/asko45000.fr\/wp-content\/uploads\/2023\/06\/karate_sante_20_06_23_3.jpg 1600w\" sizes=\"auto, (max-width: 1024px) 100vw, 1024px\" \/><\/div><\/div><\/figure><\/div><\/div><\/li><li class=\"kb-slide-item kb-gallery-slide-item splide__slide\"><div class=\"kadence-blocks-gallery-item\"><div class=\"kadence-blocks-gallery-item-inner\"><figure class=\"kb-gallery-figure kadence-blocks-gallery-item-hide-caption\"><div class=\"kb-gal-image-radius\"><div class=\"kb-gallery-image-contain kadence-blocks-gallery-intrinsic kb-gallery-image-ratio-land32 kb-has-image-ratio-land32\" ><img loading=\"lazy\" decoding=\"async\" src=\"https:\/\/asko45000.fr\/wp-content\/uploads\/2023\/06\/karate_sante_20_06_23_2-1024x768.jpg\" width=\"1024\" height=\"768\" alt=\"\" data-full-image=\"https:\/\/asko45000.fr\/wp-content\/uploads\/2023\/06\/karate_sante_20_06_23_2.jpg\" data-light-image=\"https:\/\/asko45000.fr\/wp-content\/uploads\/2023\/06\/karate_sante_20_06_23_2.jpg\" data-id=\"1383\" class=\"wp-image-1383 skip-lazy\" srcset=\"https:\/\/asko45000.fr\/wp-content\/uploads\/2023\/06\/karate_sante_20_06_23_2-1024x768.jpg 1024w, https:\/\/asko45000.fr\/wp-content\/uploads\/2023\/06\/karate_sante_20_06_23_2-300x225.jpg 300w, https:\/\/asko45000.fr\/wp-content\/uploads\/2023\/06\/karate_sante_20_06_23_2-768x576.jpg 768w, https:\/\/asko45000.fr\/wp-content\/uploads\/2023\/06\/karate_sante_20_06_23_2-1536x1152.jpg 1536w, https:\/\/asko45000.fr\/wp-content\/uploads\/2023\/06\/karate_sante_20_06_23_2.jpg 1600w\" sizes=\"auto, (max-width: 1024px) 100vw, 1024px\" \/><\/div><\/div><\/figure><\/div><\/div><\/li><li class=\"kb-slide-item kb-gallery-slide-item splide__slide\"><div class=\"kadence-blocks-gallery-item\"><div class=\"kadence-blocks-gallery-item-inner\"><figure class=\"kb-gallery-figure kadence-blocks-gallery-item-hide-caption\"><div class=\"kb-gal-image-radius\"><div class=\"kb-gallery-image-contain kadence-blocks-gallery-intrinsic kb-gallery-image-ratio-land32 kb-has-image-ratio-land32\" ><img loading=\"lazy\" decoding=\"async\" src=\"https:\/\/asko45000.fr\/wp-content\/uploads\/2023\/06\/karate_sante_20_06_23_1-1024x768.jpg\" width=\"1024\" height=\"768\" alt=\"\" data-full-image=\"https:\/\/asko45000.fr\/wp-content\/uploads\/2023\/06\/karate_sante_20_06_23_1.jpg\" data-light-image=\"https:\/\/asko45000.fr\/wp-content\/uploads\/2023\/06\/karate_sante_20_06_23_1.jpg\" data-id=\"1382\" class=\"wp-image-1382 skip-lazy\" srcset=\"https:\/\/asko45000.fr\/wp-content\/uploads\/2023\/06\/karate_sante_20_06_23_1-1024x768.jpg 1024w, https:\/\/asko45000.fr\/wp-content\/uploads\/2023\/06\/karate_sante_20_06_23_1-300x225.jpg 300w, https:\/\/asko45000.fr\/wp-content\/uploads\/2023\/06\/karate_sante_20_06_23_1-768x576.jpg 768w, https:\/\/asko45000.fr\/wp-content\/uploads\/2023\/06\/karate_sante_20_06_23_1-1536x1152.jpg 1536w, https:\/\/asko45000.fr\/wp-content\/uploads\/2023\/06\/karate_sante_20_06_23_1.jpg 1600w\" sizes=\"auto, (max-width: 1024px) 100vw, 1024px\" \/><\/div><\/div><\/figure><\/div><\/div><\/li><\/ul><\/div><\/div><\/div><\/div>\n\n\n<p><strong>Le Karat\u00e9 Sant\u00e9<\/strong> est une forme adapt\u00e9e du karat\u00e9, pens\u00e9e pour permettre une pratique progressive, s\u00e9curis\u00e9e et accessible \u00e0 tous. Les chutes et les balayages n\u2019y sont pas pratiqu\u00e9s.<\/p>\n\n\n\n<p>Cette activit\u00e9 physique adapt\u00e9e s\u2019adresse notamment aux personnes concern\u00e9es par un cancer, une maladie chronique, des troubles respiratoires ou des pathologies m\u00e9taboliques.<\/p>\n\n\n\n<p>Le Karat\u00e9 Sant\u00e9 apporte de nombreux b\u00e9n\u00e9fices : il contribue \u00e0 am\u00e9liorer l\u2019endurance, la vitesse, l\u2019\u00e9quilibre, la coordination, la souplesse, la force musculaire et le bien-\u00eatre g\u00e9n\u00e9ral.<\/p>\n\n\n\n<p>Chaque pratiquant b\u00e9n\u00e9ficie d\u2019un accompagnement personnalis\u00e9, tenant compte de sa situation, de ses capacit\u00e9s et de ses besoins.<\/p>\n\n\n\n<p><strong>Enseignant :<\/strong><br><strong>Marc FONTORBE<\/strong> \u2013 form\u00e9 au sport-sant\u00e9 par la F\u00e9d\u00e9ration Fran\u00e7aise de Karat\u00e9<br><em>(ob\u00e9sit\u00e9, cancer du sein, souffle)<\/em><br>T\u00e9l. : 06 31 45 34 96<br>Courriel : <a>marcofontorbe@orange.fr<\/a><\/p>\n\n\n\n<p><strong>Partenaires associ\u00e9s :<\/strong><br>Centre Hospitalier d\u2019Orl\u00e9ans \u2013 service de pneumologie<br>Association RespiR 45<br>Diabolo-Appui Sant\u00e9 Loiret<\/p>\n\n\n\n<p><strong>Pour conna\u00eetre les jours, horaires et lieux de pratique, contactez Marc FONTORBE<\/strong> au 06 31 45 34 96 ou par courriel \u00e0 <a>marcofontorbe@orange.fr<\/a>.<\/p>\n","protected":false},"excerpt":{"rendered":"<p>Le Karat\u00e9 Sant\u00e9 est une forme adapt\u00e9e du karat\u00e9, pens\u00e9e pour permettre une pratique progressive, s\u00e9curis\u00e9e et accessible \u00e0 tous. Les chutes et les balayages n\u2019y sont pas pratiqu\u00e9s. Cette activit\u00e9 physique adapt\u00e9e s\u2019adresse notamment aux personnes concern\u00e9es par un cancer, une maladie chronique, des troubles respiratoires ou des pathologies m\u00e9taboliques. Le Karat\u00e9 Sant\u00e9 apporte&#8230;<\/p>\n","protected":false},"author":1,"featured_media":0,"parent":0,"menu_order":0,"comment_status":"closed","ping_status":"closed","template":"","meta":{"_kad_post_transparent":"","_kad_post_title":"","_kad_post_layout":"","_kad_post_sidebar_id":"","_kad_post_content_style":"","_kad_post_vertical_padding":"","_kad_post_feature":"","_kad_post_feature_position":"","_kad_post_header":false,"_kad_post_footer":false,"footnotes":""},"class_list":["post-643","page","type-page","status-publish","hentry"],"_links":{"self":[{"href":"https:\/\/asko45000.fr\/index.php\/wp-json\/wp\/v2\/pages\/643","targetHints":{"allow":["GET"]}}],"collection":[{"href":"https:\/\/asko45000.fr\/index.php\/wp-json\/wp\/v2\/pages"}],"about":[{"href":"https:\/\/asko45000.fr\/index.php\/wp-json\/wp\/v2\/types\/page"}],"author":[{"embeddable":true,"href":"https:\/\/asko45000.fr\/index.php\/wp-json\/wp\/v2\/users\/1"}],"replies":[{"embeddable":true,"href":"https:\/\/asko45000.fr\/index.php\/wp-json\/wp\/v2\/comments?post=643"}],"version-history":[{"count":11,"href":"https:\/\/asko45000.fr\/index.php\/wp-json\/wp\/v2\/pages\/643\/revisions"}],"predecessor-version":[{"id":3906,"href":"https:\/\/asko45000.fr\/index.php\/wp-json\/wp\/v2\/pages\/643\/revisions\/3906"}],"wp:attachment":[{"href":"https:\/\/asko45000.fr\/index.php\/wp-json\/wp\/v2\/media?parent=643"}],"curies":[{"name":"wp","href":"https:\/\/api.w.org\/{rel}","templated":true}]}}